64.13.15.188 - - [03/Jan/2006:06:47:42 +0000] "GET /cabins/_themes/eclipse/eclrule.gif HTTP/1.1" 200 160 "http://www.kazbon.com/cabins/" "Mozilla/5.0 (Macintosh; U; PPC Mac OS X; en) AppleWebKit/312.5.2 (KHTML, like Gecko) Safari/312.3.3"
64.13.15.188 - - [03/Jan/2006:06:47:43 +0000] "GET /favicon.ico HTTP/1.1" 404 217 "-" "Mozilla/5.0 (Macintosh; U; PPC Mac OS X; en) AppleWebKit/312.5.2 (KHTML, like Gecko) Safari/312.3.3"
64.13.15.188 - - [03/Jan/2006:06:47:43 +0000] "GET /cabins/_vti_bin/fpcount.exe/cabins/?Page=index.html|Image=3|Digits=5 HTTP/1.1" 200 460 "http://www.kazbon.com/cabins/" "Mozilla/5.0 (Macintosh; U; PPC Mac OS X; en) AppleWebKit/312.5.2 (KHTML, like Gecko) Safari/312.3.3"
64.13.15.188 - - [03/Jan/2006:06:47:44 +0000] "GET /logo2.jpg HTTP/1.1" 200 10125 "http://www.kazbon.com/cabins/" "Mozilla/5.0 (Macintosh; U; PPC Mac OS X; en) AppleWebKit/312.5.2 (KHTML, like Gecko) Safari/312.3.3"
64.13.15.188 - - [03/Jan/2006:06:47:52 +0000] "GET /cabins/_derived/index.html_cmp_eclipse000_vbtn.gif HTTP/1.1" 200 191 "http://www.kazbon.com/cabins/beachcabin.htm" "Mozilla/5.0 (Macintosh; U; PPC Mac OS X; en) AppleWebKit/312.5.2 (KHTML, like Gecko) Safari/312.3.3"
64.13.15.188 - - [03/Jan/2006:06:47:52 +0000] "GET /cabins/_derived/ext1043_cmp_eclipse000_vbtn.gif HTTP/1.1" 200 269 "http://www.kazbon.com/cabins/beachcabin.htm" "Mozilla/5.0 (Macintosh; U; PPC Mac OS X; en) AppleWebKit/312.5.2 (KHTML, like Gecko) Safari/312.3.3"
64.13.15.188 - - [03/Jan/2006:06:47:52 +0000] "GET /cabins/_derived/beachcabin.htm_cmp_eclipse000_vbtn_p.gif HTTP/1.1" 200 242 "http://www.kazbon.com/cabins/beachcabin.htm" "Mozilla/5.0 (Macintosh; U; PPC Mac OS X; en) AppleWebKit/312.5.2 (KHTML, like Gecko) Safari/312.3.3"
64.13.15.188 - - [03/Jan/2006:06:47:52 +0000] "GET /cabins/images/button16.jpg HTTP/1.1" 200 3673 "http://www.kazbon.com/cabins/beachcabin.htm" "Mozilla/5.0 (Macintosh; U; PPC Mac OS X; en) AppleWebKit/312.5.2 (KHTML, like Gecko) Safari/312.3.3"
64.13.15.188 - - [03/Jan/2006:06:47:52 +0000] "GET /cabins/_vti_bin/fpcount.exe/cabins/?Page=beachcabin.htm|Image=3|Digits=5 HTTP/1.1" 200 437 "http://www.kazbon.com/cabins/beachcabin.htm" "Mozilla/5.0 (Macintosh; U; PPC Mac OS X; en) AppleWebKit/312.5.2 (KHTML, like Gecko) Safari/312.3.3"
64.13.15.188 - - [03/Jan/2006:06:47:52 +0000] "GET /cabins/images/button18.jpg HTTP/1.1" 200 3773 "http://www.kazbon.com/cabins/beachcabin.htm" "Mozilla/5.0 (Macintosh; U; PPC Mac OS X; en) AppleWebKit/312.5.2 (KHTML, like Gecko) Safari/312.3.3"
64.13.15.188 - - [03/Jan/2006:06:48:20 +0000] "GET /cabins/rates.htm HTTP/1.1" 200 25951 "http://www.kazbon.com/cabins/beachcabin.htm" "Mozilla/5.0 (Macintosh; U; PPC Mac OS X; en) AppleWebKit/312.5.2 (KHTML, like Gecko) Safari/312.3.3"
64.13.15.188 - - [03/Jan/2006:06:48:20 +0000] "GET /cabins/_derived/rates.htm_cmp_eclipse000_vbtn_p.gif HTTP/1.1" 200 262 "http://www.kazbon.com/cabins/rates.htm" "Mozilla/5.0 (Macintosh; U; PPC Mac OS X; en) AppleWebKit/312.5.2 (KHTML, like Gecko) Safari/312.3.3"
209.191.65.252 - - [03/Jan/2006:07:00:02 +0000] "GET /trhunterpage/TourFlorence.jpg HTTP/1.0" 404 223 "-" "Yahoo-MMCrawler/3.x (mms dash mmcrawler dash support at yahoo dash inc dot com)"
66.249.66.106 - - [03/Jan/2006:07:30:00 +0000] "GET /cabins/rates.htm HTTP/1.1" 304 - "-" "Mozilla/5.0 (compatible; Googlebot/2.1; +http://www.google.com/bot.html)"
66.249.66.106 - - [03/Jan/2006:07:30:00 +0000] "GET /cabins/beachcabin.htm HTTP/1.1" 304 - "-" "Mozilla/5.0 (compatible; Googlebot/2.1; +http://www.google.com/bot.html)"
66.249.66.106 - - [03/Jan/2006:07:30:02 +0000] "GET /cabins/florencemap.htm HTTP/1.1" 304 - "-" "Mozilla/5.0 (compatible; Googlebot/2.1; +http://www.google.com/bot.html)"
64.13.15.188 - - [03/Jan/2006:07:30:05 +0000] "GET /cabins/beachcabin.htm HTTP/1.1" 200 15339 "http://www.kazbon.com/cabins/" "Mozilla/5.0 (Macintosh; U; PPC Mac OS X; en) AppleWebKit/312.5.2 (KHTML, like Gecko) Safari/312.3.3"
64.13.15.188 - - [03/Jan/2006:07:30:05 +0000] "GET /cabins/_derived/ext1044_cmp_eclipse000_vbtn.gif HTTP/1.1" 200 230 "http://www.kazbon.com/cabins/beachcabin.htm" "Mozilla/5.0 (Macintosh; U; PPC Mac OS X; en) AppleWebKit/312.5.2 (KHTML, like Gecko) Safari/312.3.3"
64.13.15.188 - - [03/Jan/2006:07:30:05 +0000] "GET /cabins/images/webmeadowview.jpg HTTP/1.1" 200 29007 "http://www.kazbon.com/cabins/beachcabin.htm" "Mozilla/5.0 (Macintosh; U; PPC Mac OS X; en) AppleWebKit/312.5.2 (KHTML, like Gecko) Safari/312.3.3"
64.13.15.188 - - [03/Jan/2006:07:30:05 +0000] "GET /cabins/images/button17.jpg HTTP/1.1" 200 3729 "http://www.kazbon.com/cabins/beachcabin.htm" "Mozilla/5.0 (Macintosh; U; PPC Mac OS X; en) AppleWebKit/312.5.2 (KHTML, like Gecko) Safari/312.3.3"
65.54.188.136 - - [03/Jan/2006:07:30:17 +0000] "GET /robots.txt HTTP/1.0" 404 204 "-" "msnbot/1.0 (+http://search.msn.com/msnbot.htm)"
64.13.15.188 - - [03/Jan/2006:07:30:17 +0000] "GET /cabins/_derived/home_cmp_eclipse000_vbtn_p.gif HTTP/1.1" 200 204 "http://www.kazbon.com/cabins/" "Mozilla/5.0 (Macintosh; U; PPC Mac OS X; en) AppleWebKit/312.5.2 (KHTML, like Gecko) Safari/312.3.3"
71.32.124.58 - - [03/Jan/2006:07:30:17 +0000] "GET /spacer.gif HTTP/1.1" 200 43 "-" "Mozilla/4.0 (compatible; MS FrontPage 6.0)"
71.32.124.58 - - [03/Jan/2006:07:30:17 +0000] "GET /bbcabins/images/kitchenth.gif HTTP/1.1" 200 15328 "-" "Mozilla/4.0 (compatible; MS FrontPage 6.0)"
71.32.124.58 - - [03/Jan/2006:07:30:17 +0000] "GET /bbcabins/images/backthth.gif HTTP/1.1" 200 23274 "-" "Mozilla/4.0 (compatible; MS FrontPage 6.0)"
69.108.89.124 - - [03/Jan/2006:07:47:20 +0000] "GET /trhunterpage/search.htm HTTP/1.1" 200 9701 "http://www.trhunter.com/Nav/NavContent.aspx" "Mozilla/4.0 (compatible; MSIE 5.23; Mac_PowerPC)"
69.108.89.124 - - [03/Jan/2006:07:47:21 +0000] "GET /trhunterpage/_borders/mls.jpg HTTP/1.1" 200 3233 "http://www.kazbon.com/trhunterpage/search.htm" "Mozilla/4.0 (compatible; MSIE 5.23; Mac_PowerPC)"
64.13.15.188 - - [03/Jan/2006:07:47:42 +0000] "GET /cabins/_vti_bin/fpcount.exe/cabins/?Page=beachcabin.htm|Image=3|Digits=5 HTTP/1.1" 200 446 "http://www.kazbon.com/cabins/beachcabin.htm" "Mozilla/5.0 (Macintosh; U; PPC Mac OS X; en) AppleWebKit/312.5.2 (KHTML, like Gecko) Safari/312.3.3"
69.108.89.124 - - [03/Jan/2006:07:49:19 +0000] "GET /trhunterpage/_borders/mls.jpg HTTP/1.1" 200 3233 "http://www.kazbon.com/trhunterpage/search.htm" "Mozilla/4.0 (compatible; MSIE 5.23; Mac_PowerPC)"
65.214.44.67 - - [03/Jan/2006:08:20:50 +0000] "GET /robots.txt HTTP/1.0" 404 204 "-" "Mozilla/2.0 (compatible; Ask Jeeves/Teoma; +http://sp.ask.com/docs/about/tech_crawling.html)"
65.214.44.67 - - [03/Jan/2006:08:20:55 +0000] "GET / HTTP/1.0" 200 13301 "-" "Mozilla/2.0 (compatible; Ask Jeeves/Teoma; +http://sp.ask.com/docs/about/tech_crawling.html)"
69.108.89.124 - - [03/Jan/2006:08:30:00 +0000] "GET /trhunterpage/_borders/trhunterlogo.jpg HTTP/1.1" 200 9572 "http://www.kazbon.com/trhunterpage/search.htm" "Mozilla/4.0 (compatible; MSIE 5.23; Mac_PowerPC)"
207.200.116.68 - - [03/Jan/2006:08:52:52 +0000] "GET /cabins/_derived/fishingcabin.htm_cmp_eclipse000_vbtn.gif HTTP/1.1" 200 242 "http://www.kazbon.com/cabins/" "Mozilla/4.0 (compatible; MSIE 5.0; CS 2000 6.0; Windows 98; {E9051DC0-F72B-11D7-9F19-00C0F03BC7C0}; FunWebProducts)"
207.200.116.138 - - [03/Jan/2006:08:52:52 +0000] "GET /cabins/_derived/home_cmp_eclipse000_vbtn_p.gif HTTP/1.0" 200 204 "http://www.kazbon.com/cabins/" "Mozilla/4.0 (compatible; MSIE 5.0; CS 2000 6.0; Windows 98; {E9051DC0-F72B-11D7-9F19-00C0F03BC7C0}; FunWebProducts)"
207.200.116.135 - - [03/Jan/2006:08:52:52 +0000] "GET /cabins/_derived/ext1047_cmp_eclipse000_vbtn.gif HTTP/1.0" 200 269 "http://www.kazbon.com/cabins/" "Mozilla/4.0 (compatible; MSIE 5.0; CS 2000 6.0; Windows 98; {E9051DC0-F72B-11D7-9F19-00C0F03BC7C0}; FunWebProducts)"
207.200.116.11 - - [03/Jan/2006:08:52:53 +0000] "GET /cabins/_derived/beachcabin.htm_cmp_eclipse000_vbtn.gif HTTP/1.0" 200 231 "http://www.kazbon.com/cabins/" "Mozilla/4.0 (compatible; MSIE 5.0; CS 2000 6.0; Windows 98; {E9051DC0-F72B-11D7-9F19-00C0F03BC7C0}; FunWebProducts)"
207.200.116.135 - - [03/Jan/2006:08:52:53 +0000] "GET /cabins/_derived/ext1046_cmp_eclipse000_vbtn.gif HTTP/1.1" 200 234 "http://www.kazbon.com/cabins/" "Mozilla/4.0 (compatible; MSIE 5.0; CS 2000 6.0; Windows 98; {E9051DC0-F72B-11D7-9F19-00C0F03BC7C0}; FunWebProducts)"
207.200.116.137 - - [03/Jan/2006:08:52:55 +0000] "GET /cabins/_derived/contactdirections.htm_cmp_eclipse000_vbtn.gif HTTP/1.0" 200 259 "http://www.kazbon.com/cabins/" "Mozilla/4.0 (compatible; MSIE 5.0; CS 2000 6.0; Windows 98; {E9051DC0-F72B-11D7-9F19-00C0F03BC7C0}; FunWebProducts)"
207.200.116.14 - - [03/Jan/2006:08:52:55 +0000] "GET /cabins/_derived/thingstodo.htm_cmp_eclipse000_vbtn.gif HTTP/1.0" 200 237 "http://www.kazbon.com/cabins/" "Mozilla/4.0 (compatible; MSIE 5.0; CS 2000 6.0; Windows 98; {E9051DC0-F72B-11D7-9F19-00C0F03BC7C0}; FunWebProducts)"
207.200.116.8 - - [03/Jan/2006:08:52:55 +0000] "GET /cabins/_derived/linkinfo.htm_cmp_eclipse000_vbtn.gif HTTP/1.0" 200 219 "http://www.kazbon.com/cabins/" "Mozilla/4.0 (compatible; MSIE 5.0; CS 2000 6.0; Windows 98; {E9051DC0-F72B-11D7-9F19-00C0F03BC7C0}; FunWebProducts)"
207.200.116.11 - - [03/Jan/2006:08:52:56 +0000] "GET /cabins/_derived/slideshow.htm_cmp_eclipse000_vbtn.gif HTTP/1.1" 200 277 "http://www.kazbon.com/cabins/" "Mozilla/4.0 (compatible; MSIE 5.0; CS 2000 6.0; Windows 98; {E9051DC0-F72B-11D7-9F19-00C0F03BC7C0}; FunWebProducts)"
207.200.116.69 - - [03/Jan/2006:08:52:56 +0000] "GET /cabins/images/COASTLNE.gif HTTP/1.0" 200 25573 "http://www.kazbon.com/cabins/" "Mozilla/4.0 (compatible; MSIE 5.0; CS 2000 6.0; Windows 98; {E9051DC0-F72B-11D7-9F19-00C0F03BC7C0}; FunWebProducts)"
207.200.116.65 - - [03/Jan/2006:08:52:56 +0000] "GET /cabins/_derived/florencemap.htm_cmp_eclipse000_vbtn.gif HTTP/1.0" 200 239 "http://www.kazbon.com/cabins/" "Mozilla/4.0 (compatible; MSIE 5.0; CS 2000 6.0; Windows 98; {E9051DC0-F72B-11D7-9F19-00C0F03BC7C0}; FunWebProducts)"
207.200.116.200 - - [03/Jan/2006:08:52:57 +0000] "GET /cabins/_derived/links.htm_cmp_eclipse000_vbtn.gif HTTP/1.1" 200 189 "http://www.kazbon.com/cabins/" "Mozilla/4.0 (compatible; MSIE 5.0; CS 2000 6.0; Windows 98; {E9051DC0-F72B-11D7-9F19-00C0F03BC7C0}; FunWebProducts)"
207.200.116.203 - - [03/Jan/2006:08:52:58 +0000] "GET /cabins/_themes/eclipse/eclbul1.gif HTTP/1.0" 200 69 "http://www.kazbon.com/cabins/" "Mozilla/4.0 (compatible; MSIE 5.0; CS 2000 6.0; Windows 98; {E9051DC0-F72B-11D7-9F19-00C0F03BC7C0}; FunWebProducts)"
207.200.116.130 - - [03/Jan/2006:08:53:01 +0000] "GET /cabins/images/webporch.jpg HTTP/1.0" 200 17365 "http://www.kazbon.com/cabins/" "Mozilla/4.0 (compatible; MSIE 5.0; CS 2000 6.0; Windows 98; {E9051DC0-F72B-11D7-9F19-00C0F03BC7C0}; FunWebProducts)"
207.200.116.5 - - [03/Jan/2006:08:53:02 +0000] "GET /cabins/_themes/eclipse/eclrule.gif HTTP/1.0" 200 160 "http://www.kazbon.com/cabins/" "Mozilla/4.0 (compatible; MSIE 5.0; CS 2000 6.0; Windows 98; {E9051DC0-F72B-11D7-9F19-00C0F03BC7C0}; FunWebProducts)"
207.200.116.65 - - [03/Jan/2006:08:53:08 +0000] "GET /logo2.jpg HTTP/1.1" 200 10125 "http://www.kazbon.com/cabins/" "Mozilla/4.0 (compatible; MSIE 5.0; CS 2000 6.0; Windows 98; {E9051DC0-F72B-11D7-9F19-00C0F03BC7C0}; FunWebProducts)"
207.200.116.204 - - [03/Jan/2006:08:53:15 +0000] "GET /cabins/_vti_bin/fpcount.exe/cabins/?Page=index.html|Image=3|Digits=5 HTTP/1.0" 200 432 "http://www.kazbon.com/cabins/" "Mozilla/4.0 (compatible; MSIE 5.0; CS 2000 6.0; Windows 98; {E9051DC0-F72B-11D7-9F19-00C0F03BC7C0}; FunWebProducts)"
207.200.116.12 - - [03/Jan/2006:08:53:24 +0000] "GET /cabins/beachcabin.htm HTTP/1.0" 200 15339 "http://www.kazbon.com/cabins/" "Mozilla/4.0 (compatible; MSIE 5.0; CS 2000 6.0; Windows 98; {E9051DC0-F72B-11D7-9F19-00C0F03BC7C0}; FunWebProducts)"
207.200.116.135 - - [03/Jan/2006:08:53:26 +0000] "GET /cabins/_derived/ext1043_cmp_eclipse000_vbtn.gif HTTP/1.1" 200 269 "http://www.kazbon.com/cabins/beachcabin.htm" "Mozilla/4.0 (compatible; MSIE 5.0; CS 2000 6.0; Windows 98; {E9051DC0-F72B-11D7-9F19-00C0F03BC7C0}; FunWebProducts)"
207.200.116.67 - - [03/Jan/2006:08:53:27 +0000] "GET /cabins/_derived/beachcabin.htm_cmp_eclipse000_vbtn_p.gif HTTP/1.1" 200 242 "http://www.kazbon.com/cabins/beachcabin.htm" "Mozilla/4.0 (compatible; MSIE 5.0; CS 2000 6.0; Windows 98; {E9051DC0-F72B-11D7-9F19-00C0F03BC7C0}; FunWebProducts)"
207.200.116.135 - - [03/Jan/2006:08:53:28 +0000] "GET /cabins/_derived/ext1044_cmp_eclipse000_vbtn.gif HTTP/1.1" 200 230 "http://www.kazbon.com/cabins/beachcabin.htm" "Mozilla/4.0 (compatible; MSIE 5.0; CS 2000 6.0; Windows 98; {E9051DC0-F72B-11D7-9F19-00C0F03BC7C0}; FunWebProducts)"
207.200.116.202 - - [03/Jan/2006:08:53:28 +0000] "GET /cabins/_derived/index.html_cmp_eclipse000_vbtn.gif HTTP/1.0" 200 191 "http://www.kazbon.com/cabins/beachcabin.htm" "Mozilla/4.0 (compatible; MSIE 5.0; CS 2000 6.0; Windows 98; {E9051DC0-F72B-11D7-9F19-00C0F03BC7C0}; FunWebProducts)"
207.200.116.73 - - [03/Jan/2006:08:53:30 +0000] "GET /cabins/images/button16.jpg HTTP/1.0" 200 3673 "http://www.kazbon.com/cabins/beachcabin.htm" "Mozilla/4.0 (compatible; MSIE 5.0; CS 2000 6.0; Windows 98; {E9051DC0-F72B-11D7-9F19-00C0F03BC7C0}; FunWebProducts)"
207.200.116.199 - - [03/Jan/2006:08:53:30 +0000] "GET /cabins/images/webmeadowview.jpg HTTP/1.0" 200 29007 "http://www.kazbon.com/cabins/beachcabin.htm" "Mozilla/4.0 (compatible; MSIE 5.0; CS 2000 6.0; Windows 98; {E9051DC0-F72B-11D7-9F19-00C0F03BC7C0}; FunWebProducts)"
207.200.116.202 - - [03/Jan/2006:08:53:30 +0000] "GET /cabins/index.1.gif HTTP/1.1" 200 155 "http://www.kazbon.com/cabins/beachcabin.htm" "Mozilla/4.0 (compatible; MSIE 5.0; CS 2000 6.0; Windows 98; {E9051DC0-F72B-11D7-9F19-00C0F03BC7C0}; FunWebProducts)"
207.200.116.72 - - [03/Jan/2006:08:53:41 +0000] "GET /cabins/images/button17.jpg HTTP/1.0" 200 3729 "http://www.kazbon.com/cabins/beachcabin.htm" "Mozilla/4.0 (compatible; MSIE 5.0; CS 2000 6.0; Windows 98; {E9051DC0-F72B-11D7-9F19-00C0F03BC7C0}; FunWebProducts)"
207.200.116.73 - - [03/Jan/2006:08:53:41 +0000] "GET /cabins/images/button18.jpg HTTP/1.1" 200 3773 "http://www.kazbon.com/cabins/beachcabin.htm" "Mozilla/4.0 (compatible; MSIE 5.0; CS 2000 6.0; Windows 98; {E9051DC0-F72B-11D7-9F19-00C0F03BC7C0}; FunWebProducts)"
207.200.116.201 - - [03/Jan/2006:08:53:46 +0000] "GET /cabins/rates.htm HTTP/1.0" 200 25951 "http://www.kazbon.com/cabins/beachcabin.htm" "Mozilla/4.0 (compatible; MSIE 5.0; CS 2000 6.0; Windows 98; {E9051DC0-F72B-11D7-9F19-00C0F03BC7C0}; FunWebProducts)"
207.200.116.5 - - [03/Jan/2006:08:53:49 +0000] "GET /cabins/_derived/rates.htm_cmp_eclipse000_vbtn_p.gif HTTP/1.1" 200 262 "http://www.kazbon.com/cabins/rates.htm" "Mozilla/4.0 (compatible; MSIE 5.0; CS 2000 6.0; Windows 98; {E9051DC0-F72B-11D7-9F19-00C0F03BC7C0}; FunWebProducts)"
207.200.116.66 - - [03/Jan/2006:08:54:35 +0000] "GET /cabins/florencemap.htm HTTP/1.0" 200 8560 "http://www.kazbon.com/cabins/rates.htm" "Mozilla/4.0 (compatible; MSIE 5.0; CS 2000 6.0; Windows 98; {E9051DC0-F72B-11D7-9F19-00C0F03BC7C0}; FunWebProducts)"
207.200.116.133 - - [03/Jan/2006:08:54:36 +0000] "GET /cabins/_derived/home_cmp_eclipse000_vbtn.gif HTTP/1.0" 200 191 "http://www.kazbon.com/cabins/florencemap.htm" "Mozilla/4.0 (compatible; MSIE 5.0; CS 2000 6.0; Windows 98; {E9051DC0-F72B-11D7-9F19-00C0F03BC7C0}; FunWebProducts)"
207.200.116.71 - - [03/Jan/2006:08:54:38 +0000] "GET /cabins/_derived/florencemap.htm_cmp_eclipse000_vbtn_p.gif HTTP/1.0" 200 250 "http://www.kazbon.com/cabins/florencemap.htm" "Mozilla/4.0 (compatible; MSIE 5.0; CS 2000 6.0; Windows 98; {E9051DC0-F72B-11D7-9F19-00C0F03BC7C0}; FunWebProducts)"
207.200.116.201 - - [03/Jan/2006:08:54:39 +0000] "GET /cabins/images/webflorencemap.jpg HTTP/1.1" 200 166109 "http://www.kazbon.com/cabins/florencemap.htm" "Mozilla/4.0 (compatible; MSIE 5.0; CS 2000 6.0; Windows 98; {E9051DC0-F72B-11D7-9F19-00C0F03BC7C0}; FunWebProducts)"
207.200.116.13 - - [03/Jan/2006:08:55:35 +0000] "GET /cabins/_vti_bin/fpcount.exe/cabins/?Page=beachcabin.htm|Image=3|Digits=5 HTTP/1.1" 200 444 "http://www.kazbon.com/cabins/beachcabin.htm" "Mozilla/4.0 (compatible; MSIE 5.0; CS 2000 6.0; Windows 98; {E9051DC0-F72B-11D7-9F19-00C0F03BC7C0}; FunWebProducts)"
207.200.116.203 - - [03/Jan/2006:08:56:11 +0000] "GET /cabins/index.html HTTP/1.1" 200 21184 "http://www.kazbon.com/cabins/beachcabin.htm" "Mozilla/4.0 (compatible; MSIE 5.0; CS 2000 6.0; Windows 98; {E9051DC0-F72B-11D7-9F19-00C0F03BC7C0}; FunWebProducts)"
207.200.116.204 - - [03/Jan/2006:08:56:24 +0000] "GET /cabins/_vti_bin/fpcount.exe/cabins/?Page=index.html|Image=3|Digits=5 HTTP/1.1" 200 457 "http://www.kazbon.com/cabins/index.html" "Mozilla/4.0 (compatible; MSIE 5.0; CS 2000 6.0; Windows 98; {E9051DC0-F72B-11D7-9F19-00C0F03BC7C0}; FunWebProducts)"
66.249.66.106 - - [03/Jan/2006:09:00:08 +0000] "GET /cabins/estatehome.htm HTTP/1.1" 304 - "-" "Mozilla/5.0 (compatible; Googlebot/2.1; +http://www.google.com/bot.html)"
207.200.116.67 - - [03/Jan/2006:09:07:26 +0000] "GET /cabins HTTP/1.1" 301 245 "http://search.yahoo.com/search?p=oregon+coast+cabins&fr=FP-tab-web-t&toggle=1&cop=&ei=UTF-8" "Mozilla/4.0 (compatible; MSIE 5.0; CS 2000 6.0; Windows 98; {E9051DC0-F72B-11D7-9F19-00C0F03BC7C0}; FunWebProducts)"
207.200.116.204 - - [03/Jan/2006:09:07:35 +0000] "GET /cabins/_vti_bin/fpcount.exe/cabins/?Page=index.html|Image=3|Digits=5 HTTP/1.1" 200 452 "http://www.kazbon.com/cabins/" "Mozilla/4.0 (compatible; MSIE 5.0; CS 2000 6.0; Windows 98; {E9051DC0-F72B-11D7-9F19-00C0F03BC7C0}; FunWebProducts)"
207.200.116.68 - - [03/Jan/2006:09:08:35 +0000] "GET /cabins/fishingcabin.htm HTTP/1.1" 200 15990 "http://www.kazbon.com/cabins/" "Mozilla/4.0 (compatible; MSIE 5.0; CS 2000 6.0; Windows 98; {E9051DC0-F72B-11D7-9F19-00C0F03BC7C0}; FunWebProducts)"
207.200.116.73 - - [03/Jan/2006:09:08:38 +0000] "GET /cabins/_derived/fishingcabin.htm_cmp_eclipse000_vbtn_p.gif HTTP/1.1" 200 253 "http://www.kazbon.com/cabins/fishingcabin.htm" "Mozilla/4.0 (compatible; MSIE 5.0; CS 2000 6.0; Windows 98; {E9051DC0-F72B-11D7-9F19-00C0F03BC7C0}; FunWebProducts)"
207.200.116.136 - - [03/Jan/2006:09:08:40 +0000] "GET /cabins/images/webfishkit.jpg HTTP/1.0" 200 26785 "http://www.kazbon.com/cabins/fishingcabin.htm" "Mozilla/4.0 (compatible; MSIE 5.0; CS 2000 6.0; Windows 98; {E9051DC0-F72B-11D7-9F19-00C0F03BC7C0}; FunWebProducts)"
207.200.116.138 - - [03/Jan/2006:09:08:40 +0000] "GET /cabins/images/webfishview.jpg HTTP/1.1" 200 30462 "http://www.kazbon.com/cabins/fishingcabin.htm" "Mozilla/4.0 (compatible; MSIE 5.0; CS 2000 6.0; Windows 98; {E9051DC0-F72B-11D7-9F19-00C0F03BC7C0}; FunWebProducts)"
207.200.116.14 - - [03/Jan/2006:09:08:46 +0000] "GET /cabins/images/button1.jpg HTTP/1.1" 200 3685 "http://www.kazbon.com/cabins/fishingcabin.htm" "Mozilla/4.0 (compatible; MSIE 5.0; CS 2000 6.0; Windows 98; {E9051DC0-F72B-11D7-9F19-00C0F03BC7C0}; FunWebProducts)"
207.200.116.195 - - [03/Jan/2006:09:08:48 +0000] "GET /cabins/images/button2.jpg HTTP/1.0" 200 3753 "http://www.kazbon.com/cabins/fishingcabin.htm" "Mozilla/4.0 (compatible; MSIE 5.0; CS 2000 6.0; Windows 98; {E9051DC0-F72B-11D7-9F19-00C0F03BC7C0}; FunWebProducts)"
207.200.116.66 - - [03/Jan/2006:09:08:48 +0000] "GET /cabins/images/button3.jpg HTTP/1.1" 200 3786 "http://www.kazbon.com/cabins/fishingcabin.htm" "Mozilla/4.0 (compatible; MSIE 5.0; CS 2000 6.0; Windows 98; {E9051DC0-F72B-11D7-9F19-00C0F03BC7C0}; FunWebProducts)"
207.200.116.13 - - [03/Jan/2006:09:09:10 +0000] "GET /cabins/_vti_bin/fpcount.exe/cabins/?Page=beachcabin.htm|Image=3|Digits=5 HTTP/1.1" 200 445 "http://www.kazbon.com/cabins/beachcabin.htm" "Mozilla/4.0 (compatible; MSIE 5.0; CS 2000 6.0; Windows 98; {E9051DC0-F72B-11D7-9F19-00C0F03BC7C0}; FunWebProducts)"
207.200.116.132 - - [03/Jan/2006:09:30:04 +0000] "GET /cabins/images/webheader.jpg HTTP/1.0" 200 20087 "http://www.kazbon.com/cabins/" "Mozilla/4.0 (compatible; MSIE 5.0; CS 2000 6.0; Windows 98; {E9051DC0-F72B-11D7-9F19-00C0F03BC7C0}; FunWebProducts)"
207.200.116.135 - - [03/Jan/2006:09:30:04 +0000] "GET /cabins/_derived/ext1048_cmp_eclipse000_vbtn.gif HTTP/1.1" 200 230 "http://www.kazbon.com/cabins/" "Mozilla/4.0 (compatible; MSIE 5.0; CS 2000 6.0; Windows 98; {E9051DC0-F72B-11D7-9F19-00C0F03BC7C0}; FunWebProducts)"
207.200.116.135 - - [03/Jan/2006:09:30:04 +0000] "GET /cabins/_derived/ext1045_cmp_eclipse000_vbtn.gif HTTP/1.1" 200 262 "http://www.kazbon.com/cabins/" "Mozilla/4.0 (compatible; MSIE 5.0; CS 2000 6.0; Windows 98; {E9051DC0-F72B-11D7-9F19-00C0F03BC7C0}; FunWebProducts)"
207.200.116.138 - - [03/Jan/2006:09:30:04 +0000] "GET /cabins/images/webfishmain.jpg HTTP/1.1" 200 22468 "http://www.kazbon.com/cabins/beachcabin.htm" "Mozilla/4.0 (compatible; MSIE 5.0; CS 2000 6.0; Windows 98; {E9051DC0-F72B-11D7-9F19-00C0F03BC7C0}; FunWebProducts)"
207.200.116.13 - - [03/Jan/2006:09:30:04 +0000] "GET /cabins/_vti_bin/fpcount.exe/cabins/?Page=beachcabin.htm|Image=3|Digits=5 HTTP/1.0" 200 434 "http://www.kazbon.com/cabins/beachcabin.htm" "Mozilla/4.0 (compatible; MSIE 5.0; CS 2000 6.0; Windows 98; {E9051DC0-F72B-11D7-9F19-00C0F03BC7C0}; FunWebProducts)"
207.200.116.67 - - [03/Jan/2006:09:30:12 +0000] "GET /cabins HTTP/1.0" 301 233 "http://search.yahoo.com/search?p=oregon+coast+cabins&fr=FP-tab-web-t&toggle=1&cop=&ei=UTF-8" "Mozilla/4.0 (compatible; MSIE 5.0; CS 2000 6.0; Windows 98; {E9051DC0-F72B-11D7-9F19-00C0F03BC7C0}; FunWebProducts)"
207.200.116.68 - - [03/Jan/2006:09:30:12 +0000] "GET /cabins/ HTTP/1.0" 200 21184 "http://search.yahoo.com/search?p=oregon+coast+cabins&fr=FP-tab-web-t&toggle=1&cop=&ei=UTF-8" "Mozilla/4.0 (compatible; MSIE 5.0; CS 2000 6.0; Windows 98; {E9051DC0-F72B-11D7-9F19-00C0F03BC7C0}; FunWebProducts)"
207.200.116.200 - - [03/Jan/2006:09:30:12 +0000] "GET /cabins/_derived/rates.htm_cmp_eclipse000_vbtn.gif HTTP/1.0" 200 251 "http://www.kazbon.com/cabins/" "Mozilla/4.0 (compatible; MSIE 5.0; CS 2000 6.0; Windows 98; {E9051DC0-F72B-11D7-9F19-00C0F03BC7C0}; FunWebProducts)"
207.200.116.6 - - [03/Jan/2006:09:30:12 +0000] "GET /cabins/images/CabinFrontNWcoast.jpg HTTP/1.0" 200 89414 "http://www.kazbon.com/cabins/" "Mozilla/4.0 (compatible; MSIE 5.0; CS 2000 6.0; Windows 98; {E9051DC0-F72B-11D7-9F19-00C0F03BC7C0}; FunWebProducts)"
207.200.116.198 - - [03/Jan/2006:09:30:12 +0000] "GET /cabins/images/webmeadowmain.jpg HTTP/1.0" 200 24894 "http://www.kazbon.com/cabins/beachcabin.htm" "Mozilla/4.0 (compatible; MSIE 5.0; CS 2000 6.0; Windows 98; {E9051DC0-F72B-11D7-9F19-00C0F03BC7C0}; FunWebProducts)"
65.214.44.192 - - [03/Jan/2006:09:50:42 +0000] "GET /trhunterpage/askarealtor.htm HTTP/1.0" 200 12961 "-" "Mozilla/2.0 (compatible; Ask Jeeves/Teoma; +http://sp.ask.com/docs/about/tech_crawling.html)"
65.54.188.136 - - [03/Jan/2006:10:15:28 +0000] "GET /robots.txt HTTP/1.0" 404 204 "-" "msnbot/1.0 (+http://search.msn.com/msnbot.htm)"
65.54.188.136 - - [03/Jan/2006:10:15:28 +0000] "GET /cabins HTTP/1.0" 301 233 "-" "msnbot/1.0 (+http://search.msn.com/msnbot.htm)"
65.214.44.192 - - [03/Jan/2006:10:30:01 +0000] "GET /robots.txt HTTP/1.0" 404 204 "-" "Mozilla/2.0 (compatible; Ask Jeeves/Teoma; +http://sp.ask.com/docs/about/tech_crawling.html)"
65.54.188.136 - - [03/Jan/2006:11:00:02 +0000] "GET /cabins/ HTTP/1.0" 200 21184 "-" "msnbot/1.0 (+http://search.msn.com/msnbot.htm)"
65.214.44.67 - - [03/Jan/2006:12:57:14 +0000] "GET /cabins/linkinfo.htm HTTP/1.0" 200 13191 "-" "Mozilla/2.0 (compatible; Ask Jeeves/Teoma; +http://sp.ask.com/docs/about/tech_crawling.html)"
65.214.44.67 - - [03/Jan/2006:13:13:12 +0000] "GET /cabins/hikes.htm HTTP/1.0" 200 13298 "-" "Mozilla/2.0 (compatible; Ask Jeeves/Teoma; +http://sp.ask.com/docs/about/tech_crawling.html)"
209.191.65.252 - - [03/Jan/2006:13:14:20 +0000] "GET /trhunterpage/lhouse.jpg HTTP/1.0" 404 217 "-" "Yahoo-MMCrawler/3.x (mms dash mmcrawler dash support at yahoo dash inc dot com)"
209.97.203.36 - - [03/Jan/2006:14:01:15 +0000] "GET /cabins/ HTTP/1.1" 200 12039 "-" "Mozilla/4.0 (compatible; MSIE 6.0; Windows NT 5.0)"
68.142.251.144 - - [03/Jan/2006:14:05:20 +0000] "GET /robots.txt HTTP/1.0" 404 204 "-" "Mozilla/5.0 (compatible; Yahoo! Slurp; http://help.yahoo.com/help/us/ysearch/slurp)"
68.142.249.109 - - [03/Jan/2006:14:05:20 +0000] "GET / HTTP/1.0" 200 - "-" "Mozilla/5.0 (compatible; Yahoo! Slurp; http://help.yahoo.com/help/us/ysearch/slurp)"
64.40.60.175 - - [03/Jan/2006:15:47:18 +0000] "GET /trhunterpage/search.htm HTTP/1.1" 200 9701 "http://www.trhunter.com/Nav.aspx/Page=Http://www.kazbon.com/trhunterpage/search.htm" "Mozilla/4.0 (compatible; MSIE 6.0; Windows 98)"
64.40.60.175 - - [03/Jan/2006:15:47:24 +0000] "GET /trhunterpage/_borders/mls.jpg HTTP/1.1" 200 3233 "http://www.kazbon.com/trhunterpage/search.htm" "Mozilla/4.0 (compatible; MSIE 6.0; Windows 98)"
64.40.60.175 - - [03/Jan/2006:15:47:27 +0000] "GET /trhunterpage/_borders/trhunterlogo.jpg HTTP/1.1" 200 9572 "http://www.kazbon.com/trhunterpage/search.htm" "Mozilla/4.0 (compatible; MSIE 6.0; Windows 98)"
68.142.251.144 - - [03/Jan/2006:15:48:03 +0000] "GET /robots.txt HTTP/1.0" 404 204 "-" "Mozilla/5.0 (compatible; Yahoo! Slurp; http://help.yahoo.com/help/us/ysearch/slurp)"
68.142.250.140 - - [03/Jan/2006:15:48:03 +0000] "GET /cabins HTTP/1.0" 301 233 "-" "Mozilla/5.0 (compatible; Yahoo! Slurp; http://help.yahoo.com/help/us/ysearch/slurp)"
68.142.250.140 - - [03/Jan/2006:15:48:04 +0000] "GET /cabins/ HTTP/1.0" 200 21184 "-" "Mozilla/5.0 (compatible; Yahoo! Slurp; http://help.yahoo.com/help/us/ysearch/slurp)"
69.175.194.193 - - [03/Jan/2006:15:51:31 +0000] "GET /trhunterpage/search.htm HTTP/1.1" 200 9701 "http://www.trhunter.com/Nav.aspx/Page=Http://www.kazbon.com/trhunterpage/search.htm" "Mozilla/4.0 (compatible; MSIE 6.0; Windows NT 5.1; FunWebProducts; SV1; SpamBlockerUtility 4.7.1)"
69.175.194.193 - - [03/Jan/2006:15:51:31 +0000] "GET /trhunterpage/_borders/mls.jpg HTTP/1.1" 200 3233 "http://www.kazbon.com/trhunterpage/search.htm" "Mozilla/4.0 (compatible; MSIE 6.0; Windows NT 5.1; FunWebProducts; SV1; SpamBlockerUtility 4.7.1)"
69.175.194.193 - - [03/Jan/2006:15:51:31 +0000] "GET /trhunterpage/_borders/trhunterlogo.jpg HTTP/1.1" 200 9572 "http://www.kazbon.com/trhunterpage/search.htm" "Mozilla/4.0 (compatible; MSIE 6.0; Windows NT 5.1; FunWebProducts; SV1; SpamBlockerUtility 4.7.1)"
65.6.26.133 - - [03/Jan/2006:16:08:36 +0000] "GET /trhunterpage/photogallery/photo10768/Tim.jpg HTTP/1.1" 404 250 "http://64.233.161.104/search?q=cache:TEnPscxoYFwJ:www.kazbon.com/trhunterpage/aboutus.htm+moore+family+florence+oregon&hl=en" "Mozilla/4.0 (compatible; MSIE 6.0; Windows NT 5.1; SV1; .NET CLR 1.1.4322)"
65.6.26.133 - - [03/Jan/2006:16:08:39 +0000] "GET /trhunterpage/photogallery/photo10768/Randall.jpg HTTP/1.1" 404 254 "http://64.233.161.104/search?q=cache:TEnPscxoYFwJ:www.kazbon.com/trhunterpage/aboutus.htm+moore+family+florence+oregon&hl=en" "Mozilla/4.0 (compatible; MSIE 6.0; Windows NT 5.1; SV1; .NET CLR 1.1.4322)"
65.6.26.133 - - [03/Jan/2006:16:08:40 +0000] "GET /trhunterpage/photogallery/photo10768/Richard.jpg HTTP/1.1" 404 254 "http://64.233.161.104/search?q=cache:TEnPscxoYFwJ:www.kazbon.com/trhunterpage/aboutus.htm+moore+family+florence+oregon&hl=en" "Mozilla/4.0 (compatible; MSIE 6.0; Windows NT 5.1; SV1; .NET CLR 1.1.4322)"
65.6.26.133 - - [03/Jan/2006:16:09:02 +0000] "GET /trhunterpage/photogallery/photo10768/Glenn.jpg HTTP/1.1" 404 252 "http://64.233.161.104/search?q=cache:TEnPscxoYFwJ:www.kazbon.com/trhunterpage/aboutus.htm+moore+family+florence+oregon&hl=en" "Mozilla/4.0 (compatible; MSIE 6.0; Windows NT 5.1; SV1; .NET CLR 1.1.4322)"
65.222.158.132 - - [03/Jan/2006:16:39:16 +0000] "GET /cabins HTTP/1.1" 301 245 "http://www.google.com/local?hl=en&lr=&q=cabins&near=Florence,+OR+97439&sa=X&oi=locald&radius=0.0&latlng=43988099,-124099303,9360085200201029710" "Mozilla/4.0 (compatible; MSIE 6.0; Windows NT 5.1; .NET CLR 1.1.4322)"
65.222.158.132 - - [03/Jan/2006:16:39:42 +0000] "GET /cabins/_derived/ext1047_cmp_eclipse000_vbtn.gif HTTP/1.1" 200 269 "http://www.kazbon.com/cabins/" "Mozilla/4.0 (compatible; MSIE 6.0; Windows NT 5.1; .NET CLR 1.1.4322)"
65.222.158.132 - - [03/Jan/2006:16:39:42 +0000] "GET /cabins/_derived/fishingcabin.htm_cmp_eclipse000_vbtn.gif HTTP/1.1" 200 242 "http://www.kazbon.com/cabins/" "Mozilla/4.0 (compatible; MSIE 6.0; Windows NT 5.1; .NET CLR 1.1.4322)"
65.222.158.132 - - [03/Jan/2006:16:39:54 +0000] "GET /cabins/_derived/home_cmp_eclipse000_vbtn_p.gif HTTP/1.1" 200 204 "http://www.kazbon.com/cabins/" "Mozilla/4.0 (compatible; MSIE 6.0; Windows NT 5.1; .NET CLR 1.1.4322)"
65.222.158.132 - - [03/Jan/2006:16:40:09 +0000] "GET /cabins/_derived/beachcabin.htm_cmp_eclipse000_vbtn.gif HTTP/1.1" 200 231 "http://www.kazbon.com/cabins/" "Mozilla/4.0 (compatible; MSIE 6.0; Windows NT 5.1; .NET CLR 1.1.4322)"
65.222.158.132 - - [03/Jan/2006:16:40:09 +0000] "GET /cabins/_derived/rates.htm_cmp_eclipse000_vbtn.gif HTTP/1.1" 200 251 "http://www.kazbon.com/cabins/" "Mozilla/4.0 (compatible; MSIE 6.0; Windows NT 5.1; .NET CLR 1.1.4322)"
65.222.158.132 - - [03/Jan/2006:16:40:09 +0000] "GET /cabins/_derived/contactdirections.htm_cmp_eclipse000_vbtn.gif HTTP/1.1" 200 259 "http://www.kazbon.com/cabins/" "Mozilla/4.0 (compatible; MSIE 6.0; Windows NT 5.1; .NET CLR 1.1.4322)"
65.222.158.132 - - [03/Jan/2006:16:40:09 +0000] "GET /cabins/_derived/links.htm_cmp_eclipse000_vbtn.gif HTTP/1.1" 200 189 "http://www.kazbon.com/cabins/" "Mozilla/4.0 (compatible; MSIE 6.0; Windows NT 5.1; .NET CLR 1.1.4322)"
65.222.158.132 - - [03/Jan/2006:16:40:09 +0000] "GET /cabins/_derived/florencemap.htm_cmp_eclipse000_vbtn.gif HTTP/1.1" 200 239 "http://www.kazbon.com/cabins/" "Mozilla/4.0 (compatible; MSIE 6.0; Windows NT 5.1; .NET CLR 1.1.4322)"
65.222.158.132 - - [03/Jan/2006:16:40:09 +0000] "GET /cabins/_derived/slideshow.htm_cmp_eclipse000_vbtn.gif HTTP/1.1" 200 277 "http://www.kazbon.com/cabins/" "Mozilla/4.0 (compatible; MSIE 6.0; Windows NT 5.1; .NET CLR 1.1.4322)"
65.222.158.132 - - [03/Jan/2006:16:40:09 +0000] "GET /cabins/_derived/ext1048_cmp_eclipse000_vbtn.gif HTTP/1.1" 200 230 "http://www.kazbon.com/cabins/" "Mozilla/4.0 (compatible; MSIE 6.0; Windows NT 5.1; .NET CLR 1.1.4322)"
65.222.158.132 - - [03/Jan/2006:16:40:09 +0000] "GET /cabins/_derived/ext1046_cmp_eclipse000_vbtn.gif HTTP/1.1" 200 234 "http://www.kazbon.com/cabins/" "Mozilla/4.0 (compatible; MSIE 6.0; Windows NT 5.1; .NET CLR 1.1.4322)"
65.222.158.132 - - [03/Jan/2006:16:40:09 +0000] "GET /cabins/ HTTP/1.1" 200 21184 "http://www.google.com/local?hl=en&lr=&q=cabins&near=Florence,+OR+97439&sa=X&oi=locald&radius=0.0&latlng=43988099,-124099303,9360085200201029710" "Mozilla/4.0 (compatible; MSIE 6.0; Windows NT 5.1; .NET CLR 1.1.4322)"
65.222.158.132 - - [03/Jan/2006:16:40:09 +0000] "GET /cabins/_themes/eclipse/eclbul1.gif HTTP/1.1" 200 69 "http://www.kazbon.com/cabins/" "Mozilla/4.0 (compatible; MSIE 6.0; Windows NT 5.1; .NET CLR 1.1.4322)"
65.222.158.132 - - [03/Jan/2006:16:40:09 +0000] "GET /cabins/_derived/linkinfo.htm_cmp_eclipse000_vbtn.gif HTTP/1.1" 200 219 "http://www.kazbon.com/cabins/" "Mozilla/4.0 (compatible; MSIE 6.0; Windows NT 5.1; .NET CLR 1.1.4322)"
65.222.158.132 - - [03/Jan/2006:16:40:11 +0000] "GET /cabins/_derived/ext1045_cmp_eclipse000_vbtn.gif HTTP/1.1" 200 262 "http://www.kazbon.com/cabins/" "Mozilla/4.0 (compatible; MSIE 6.0; Windows NT 5.1; .NET CLR 1.1.4322)"
65.222.158.132 - - [03/Jan/2006:16:40:12 +0000] "GET /cabins/index.1.gif HTTP/1.1" 200 155 "http://www.kazbon.com/cabins/" "Mozilla/4.0 (compatible; MSIE 6.0; Windows NT 5.1; .NET CLR 1.1.4322)"
65.222.158.132 - - [03/Jan/2006:16:40:14 +0000] "GET /cabins/_derived/thingstodo.htm_cmp_eclipse000_vbtn.gif HTTP/1.1" 200 237 "http://www.kazbon.com/cabins/" "Mozilla/4.0 (compatible; MSIE 6.0; Windows NT 5.1; .NET CLR 1.1.4322)"
65.222.158.132 - - [03/Jan/2006:16:40:16 +0000] "GET /cabins/images/webporch.jpg HTTP/1.1" 200 17365 "http://www.kazbon.com/cabins/" "Mozilla/4.0 (compatible; MSIE 6.0; Windows NT 5.1; .NET CLR 1.1.4322)"
65.222.158.132 - - [03/Jan/2006:16:40:17 +0000] "GET /cabins/images/webfishmain.jpg HTTP/1.1" 200 22468 "http://www.kazbon.com/cabins/" "Mozilla/4.0 (compatible; MSIE 6.0; Windows NT 5.1; .NET CLR 1.1.4322)"
65.222.158.132 - - [03/Jan/2006:16:40:32 +0000] "GET /cabins/images/webmeadowmain.jpg HTTP/1.1" 200 24894 "http://www.kazbon.com/cabins/" "Mozilla/4.0 (compatible; MSIE 6.0; Windows NT 5.1; .NET CLR 1.1.4322)"
65.222.158.132 - - [03/Jan/2006:16:40:34 +0000] "GET /cabins/images/COASTLNE.gif HTTP/1.1" 200 25573 "http://www.kazbon.com/cabins/" "Mozilla/4.0 (compatible; MSIE 6.0; Windows NT 5.1; .NET CLR 1.1.4322)"
65.222.158.132 - - [03/Jan/2006:16:41:03 +0000] "GET /cabins/_vti_bin/fpcount.exe/cabins/?Page=index.html|Image=3|Digits=5 HTTP/1.1" 200 445 "http://www.kazbon.com/cabins/" "Mozilla/4.0 (compatible; MSIE 6.0; Windows NT 5.1; .NET CLR 1.1.4322)"
65.222.158.132 - - [03/Jan/2006:16:41:04 +0000] "GET /cabins/_vti_bin/fpcount.exe/cabins/?Page=index.html|Image=3|Digits=5 HTTP/1.1" 200 444 "http://www.kazbon.com/cabins/" "Mozilla/4.0 (compatible; MSIE 6.0; Windows NT 5.1; .NET CLR 1.1.4322)"
65.222.158.132 - - [03/Jan/2006:16:41:18 +0000] "GET /cabins/images/webheader.jpg HTTP/1.1" 200 14774 "http://www.kazbon.com/cabins/" "Mozilla/4.0 (compatible; MSIE 6.0; Windows NT 5.1; .NET CLR 1.1.4322)"
65.222.158.132 - - [03/Jan/2006:16:41:40 +0000] "GET /cabins/beachcabin.htm HTTP/1.1" 200 15339 "http://www.kazbon.com/cabins/" "Mozilla/4.0 (compatible; MSIE 6.0; Windows NT 5.1; .NET CLR 1.1.4322)"
65.222.158.132 - - [03/Jan/2006:16:41:40 +0000] "GET /cabins/_derived/ext1044_cmp_eclipse000_vbtn.gif HTTP/1.1" 200 230 "http://www.kazbon.com/cabins/beachcabin.htm" "Mozilla/4.0 (compatible; MSIE 6.0; Windows NT 5.1; .NET CLR 1.1.4322)"
65.222.158.132 - - [03/Jan/2006:16:41:40 +0000] "GET /cabins/_derived/index.html_cmp_eclipse000_vbtn.gif HTTP/1.1" 200 191 "http://www.kazbon.com/cabins/beachcabin.htm" "Mozilla/4.0 (compatible; MSIE 6.0; Windows NT 5.1; .NET CLR 1.1.4322)"
65.222.158.132 - - [03/Jan/2006:16:41:40 +0000] "GET /cabins/_derived/ext1043_cmp_eclipse000_vbtn.gif HTTP/1.1" 200 269 "http://www.kazbon.com/cabins/beachcabin.htm" "Mozilla/4.0 (compatible; MSIE 6.0; Windows NT 5.1; .NET CLR 1.1.4322)"
65.222.158.132 - - [03/Jan/2006:16:41:40 +0000] "GET /cabins/_derived/beachcabin.htm_cmp_eclipse000_vbtn_p.gif HTTP/1.1" 200 242 "http://www.kazbon.com/cabins/beachcabin.htm" "Mozilla/4.0 (compatible; MSIE 6.0; Windows NT 5.1; .NET CLR 1.1.4322)"
65.222.158.132 - - [03/Jan/2006:16:41:40 +0000] "GET /cabins/images/webheader.jpg HTTP/1.1" 200 20087 "http://www.kazbon.com/cabins/beachcabin.htm" "Mozilla/4.0 (compatible; MSIE 6.0; Windows NT 5.1; .NET CLR 1.1.4322)"
65.222.158.132 - - [03/Jan/2006:16:41:40 +0000] "GET /cabins/images/button16.jpg HTTP/1.1" 200 3673 "http://www.kazbon.com/cabins/beachcabin.htm" "Mozilla/4.0 (compatible; MSIE 6.0; Windows NT 5.1; .NET CLR 1.1.4322)"
65.222.158.132 - - [03/Jan/2006:16:41:40 +0000] "GET /cabins/_vti_bin/fpcount.exe/cabins/?Page=beachcabin.htm|Image=3|Digits=5 HTTP/1.1" 200 432 "http://www.kazbon.com/cabins/beachcabin.htm" "Mozilla/4.0 (compatible; MSIE 6.0; Windows NT 5.1; .NET CLR 1.1.4322)"
65.222.158.132 - - [03/Jan/2006:16:41:40 +0000] "GET /cabins/_vti_bin/fpcount.exe/cabins/?Page=beachcabin.htm|Image=3|Digits=5 HTTP/1.1" 200 439 "http://www.kazbon.com/cabins/beachcabin.htm" "Mozilla/4.0 (compatible; MSIE 6.0; Windows NT 5.1; .NET CLR 1.1.4322)"
65.222.158.132 - - [03/Jan/2006:16:41:40 +0000] "GET /cabins/images/webmeadowview.jpg HTTP/1.1" 200 29007 "http://www.kazbon.com/cabins/beachcabin.htm" "Mozilla/4.0 (compatible; MSIE 6.0; Windows NT 5.1; .NET CLR 1.1.4322)"
65.222.158.132 - - [03/Jan/2006:16:41:40 +0000] "GET /cabins/images/button17.jpg HTTP/1.1" 200 3729 "http://www.kazbon.com/cabins/beachcabin.htm" "Mozilla/4.0 (compatible; MSIE 6.0; Windows NT 5.1; .NET CLR 1.1.4322)"
65.222.158.132 - - [03/Jan/2006:16:41:40 +0000] "GET /cabins/images/button18.jpg HTTP/1.1" 200 3773 "http://www.kazbon.com/cabins/beachcabin.htm" "Mozilla/4.0 (compatible; MSIE 6.0; Windows NT 5.1; .NET CLR 1.1.4322)"
65.222.158.132 - - [03/Jan/2006:16:42:18 +0000] "GET /cabins/_derived/rates.htm_cmp_eclipse000_vbtn_p.gif HTTP/1.1" 200 262 "http://www.kazbon.com/cabins/rates.htm" "Mozilla/4.0 (compatible; MSIE 6.0; Windows NT 5.1; .NET CLR 1.1.4322)"
65.222.158.132 - - [03/Jan/2006:16:42:18 +0000] "GET /cabins/rates.htm HTTP/1.1" 200 25951 "http://www.kazbon.com/cabins/beachcabin.htm" "Mozilla/4.0 (compatible; MSIE 6.0; Windows NT 5.1; .NET CLR 1.1.4322)"
65.222.158.132 - - [03/Jan/2006:16:43:11 +0000] "GET /cabins/_derived/home_cmp_eclipse000_vbtn.gif HTTP/1.1" 200 191 "http://www.kazbon.com/cabins/thingstodo.htm" "Mozilla/4.0 (compatible; MSIE 6.0; Windows NT 5.1; .NET CLR 1.1.4322)"
65.222.158.132 - - [03/Jan/2006:16:43:11 +0000] "GET /cabins/thingstodo.htm HTTP/1.1" 200 18997 "http://www.kazbon.com/cabins/rates.htm" "Mozilla/4.0 (compatible; MSIE 6.0; Windows NT 5.1; .NET CLR 1.1.4322)"
65.222.158.132 - - [03/Jan/2006:16:43:11 +0000] "GET /cabins/_derived/thingstodo.htm_cmp_eclipse000_vbtn_p.gif HTTP/1.1" 200 248 "http://www.kazbon.com/cabins/thingstodo.htm" "Mozilla/4.0 (compatible; MSIE 6.0; Windows NT 5.1; .NET CLR 1.1.4322)"
65.222.158.132 - - [03/Jan/2006:16:43:11 +0000] "GET /cabins/images/dunesoverlook.jpg HTTP/1.1" 200 60202 "http://www.kazbon.com/cabins/thingstodo.htm" "Mozilla/4.0 (compatible; MSIE 6.0; Windows NT 5.1; .NET CLR 1.1.4322)"
209.74.96.60 - - [03/Jan/2006:16:43:18 +0000] "GET /trhunterpage/search.htm HTTP/1.1" 200 9701 "http://www.17lakesrealestate.com/" "Mozilla/4.0 (compatible; MSIE 6.0; Windows NT 5.1; SV1; .NET CLR 1.1.4322)"
209.74.96.60 - - [03/Jan/2006:16:43:18 +0000] "GET /trhunterpage/_borders/trhunterlogo.jpg HTTP/1.1" 304 - "http://www.kazbon.com/trhunterpage/search.htm" "Mozilla/4.0 (compatible; MSIE 6.0; Windows NT 5.1; SV1; .NET CLR 1.1.4322)"
209.74.96.60 - - [03/Jan/2006:16:43:18 +0000] "GET /trhunterpage/_borders/mls.jpg HTTP/1.1" 200 3233 "http://www.kazbon.com/trhunterpage/search.htm" "Mozilla/4.0 (compatible; MSIE 6.0; Windows NT 5.1; SV1; .NET CLR 1.1.4322)"
65.222.158.132 - - [03/Jan/2006:16:44:28 +0000] "GET /cabins/contactdirections.htm HTTP/1.1" 200 14478 "http://www.kazbon.com/cabins/thingstodo.htm" "Mozilla/4.0 (compatible; MSIE 6.0; Windows NT 5.1; .NET CLR 1.1.4322)"
65.222.158.132 - - [03/Jan/2006:16:44:28 +0000] "GET /cabins/_derived/contactdirections.htm_cmp_eclipse000_vbtn_p.gif HTTP/1.1" 200 269 "http://www.kazbon.com/cabins/contactdirections.htm" "Mozilla/4.0 (compatible; MSIE 6.0; Windows NT 5.1; .NET CLR 1.1.4322)"
65.222.158.132 - - [03/Jan/2006:16:44:28 +0000] "GET /cabins/_vti_bin/fpcount.exe/cabins/?Page=contactdirections.htm|Image=3|Digits=5 HTTP/1.1" 200 446 "http://www.kazbon.com/cabins/contactdirections.htm" "Mozilla/4.0 (compatible; MSIE 6.0; Windows NT 5.1; .NET CLR 1.1.4322)"
65.222.158.132 - - [03/Jan/2006:16:44:28 +0000] "GET /cabins/images/mapjpeg.jpg HTTP/1.1" 200 28617 "http://www.kazbon.com/cabins/contactdirections.htm" "Mozilla/4.0 (compatible; MSIE 6.0; Windows NT 5.1; .NET CLR 1.1.4322)"
65.222.158.132 - - [03/Jan/2006:16:44:28 +0000] "GET /cabins/_vti_bin/fpcount.exe/cabins/?Page=contactdirections.htm|Image=3|Digits=5 HTTP/1.1" 304 - "http://www.kazbon.com/cabins/contactdirections.htm" "Mozilla/4.0 (compatible; MSIE 6.0; Windows NT 5.1; .NET CLR 1.1.4322)"
71.34.108.23 - - [03/Jan/2006:16:44:32 +0000] "GET /cabins HTTP/1.1" 301 245 "http://search.msn.com/results.aspx?q=siltcoos+lake&FORM=QBHP" "Mozilla/4.0 (compatible; MSIE 6.0; Windows NT 5.0; (R1 1.5); .NET CLR 1.0.3705; MSN 9.0;MSN 9.1; MSNbQ002; MSNmen-us; MSNcOTH; MPLUS)"
71.34.108.23 - - [03/Jan/2006:16:44:33 +0000] "GET /cabins/ HTTP/1.1" 200 21184 "http://search.msn.com/results.aspx?q=siltcoos+lake&FORM=QBHP" "Mozilla/4.0 (compatible; MSIE 6.0; Windows NT 5.0; (R1 1.5); .NET CLR 1.0.3705; MSN 9.0;MSN 9.1; MSNbQ002; MSNmen-us; MSNcOTH; MPLUS)"
71.34.108.23 - - [03/Jan/2006:16:44:33 +0000] "GET /cabins/images/webheader.jpg HTTP/1.1" 200 20087 "http://www.kazbon.com/cabins/" "Mozilla/4.0 (compatible; MSIE 6.0; Windows NT 5.0; (R1 1.5); .NET CLR 1.0.3705; MSN 9.0;MSN 9.1; MSNbQ002; MSNmen-us; MSNcOTH; MPLUS)"
71.34.108.23 - - [03/Jan/2006:16:44:34 +0000] "GET /cabins/_derived/home_cmp_eclipse000_vbtn_p.gif HTTP/1.1" 200 204 "http://www.kazbon.com/cabins/" "Mozilla/4.0 (compatible; MSIE 6.0; Windows NT 5.0; (R1 1.5); .NET CLR 1.0.3705; MSN 9.0;MSN 9.1; MSNbQ002; MSNmen-us; MSNcOTH; MPLUS)"
71.34.108.23 - - [03/Jan/2006:16:44:34 +0000] "GET /cabins/_derived/ext1047_cmp_eclipse000_vbtn.gif HTTP/1.1" 200 269 "http://www.kazbon.com/cabins/" "Mozilla/4.0 (compatible; MSIE 6.0; Windows NT 5.0; (R1 1.5); .NET CLR 1.0.3705; MSN 9.0;MSN 9.1; MSNbQ002; MSNmen-us; MSNcOTH; MPLUS)"
71.34.108.23 - - [03/Jan/2006:16:44:34 +0000] "GET /cabins/_derived/fishingcabin.htm_cmp_eclipse000_vbtn.gif HTTP/1.1" 200 242 "http://www.kazbon.com/cabins/" "Mozilla/4.0 (compatible; MSIE 6.0; Windows NT 5.0; (R1 1.5); .NET CLR 1.0.3705; MSN 9.0;MSN 9.1; MSNbQ002; MSNmen-us; MSNcOTH; MPLUS)"
71.34.108.23 - - [03/Jan/2006:16:44:34 +0000] "GET /cabins/_derived/beachcabin.htm_cmp_eclipse000_vbtn.gif HTTP/1.1" 200 231 "http://www.kazbon.com/cabins/" "Mozilla/4.0 (compatible; MSIE 6.0; Windows NT 5.0; (R1 1.5); .NET CLR 1.0.3705; MSN 9.0;MSN 9.1; MSNbQ002; MSNmen-us; MSNcOTH; MPLUS)"
71.34.108.23 - - [03/Jan/2006:16:44:34 +0000] "GET /cabins/_derived/ext1046_cmp_eclipse000_vbtn.gif HTTP/1.1" 200 234 "http://www.kazbon.com/cabins/" "Mozilla/4.0 (compatible; MSIE 6.0; Windows NT 5.0; (R1 1.5); .NET CLR 1.0.3705; MSN 9.0;MSN 9.1; MSNbQ002; MSNmen-us; MSNcOTH; MPLUS)"
71.34.108.23 - - [03/Jan/2006:16:44:34 +0000] "GET /cabins/_derived/rates.htm_cmp_eclipse000_vbtn.gif HTTP/1.1" 200 251 "http://www.kazbon.com/cabins/" "Mozilla/4.0 (compatible; MSIE 6.0; Windows NT 5.0; (R1 1.5); .NET CLR 1.0.3705; MSN 9.0;MSN 9.1; MSNbQ002; MSNmen-us; MSNcOTH; MPLUS)"
71.34.108.23 - - [03/Jan/2006:16:44:34 +0000] "GET /cabins/_derived/ext1048_cmp_eclipse000_vbtn.gif HTTP/1.1" 200 230 "http://www.kazbon.com/cabins/" "Mozilla/4.0 (compatible; MSIE 6.0; Windows NT 5.0; (R1 1.5); .NET CLR 1.0.3705; MSN 9.0;MSN 9.1; MSNbQ002; MSNmen-us; MSNcOTH; MPLUS)"
71.34.108.23 - - [03/Jan/2006:16:44:34 +0000] "GET /cabins/_derived/contactdirections.htm_cmp_eclipse000_vbtn.gif HTTP/1.1" 200 259 "http://www.kazbon.com/cabins/" "Mozilla/4.0 (compatible; MSIE 6.0; Windows NT 5.0; (R1 1.5); .NET CLR 1.0.3705; MSN 9.0;MSN 9.1; MSNbQ002; MSNmen-us; MSNcOTH; MPLUS)"
71.34.108.23 - - [03/Jan/2006:16:44:34 +0000] "GET /cabins/_derived/thingstodo.htm_cmp_eclipse000_vbtn.gif HTTP/1.1" 200 237 "http://www.kazbon.com/cabins/" "Mozilla/4.0 (compatible; MSIE 6.0; Windows NT 5.0; (R1 1.5); .NET CLR 1.0.3705; MSN 9.0;MSN 9.1; MSNbQ002; MSNmen-us; MSNcOTH; MPLUS)"
71.34.108.23 - - [03/Jan/2006:16:44:34 +0000] "GET /cabins/_derived/slideshow.htm_cmp_eclipse000_vbtn.gif HTTP/1.1" 200 277 "http://www.kazbon.com/cabins/" "Mozilla/4.0 (compatible; MSIE 6.0; Windows NT 5.0; (R1 1.5); .NET CLR 1.0.3705; MSN 9.0;MSN 9.1; MSNbQ002; MSNmen-us; MSNcOTH; MPLUS)"
71.34.108.23 - - [03/Jan/2006:16:44:34 +0000] "GET /cabins/_derived/florencemap.htm_cmp_eclipse000_vbtn.gif HTTP/1.1" 200 239 "http://www.kazbon.com/cabins/" "Mozilla/4.0 (compatible; MSIE 6.0; Windows NT 5.0; (R1 1.5); .NET CLR 1.0.3705; MSN 9.0;MSN 9.1; MSNbQ002; MSNmen-us; MSNcOTH; MPLUS)"
71.34.108.23 - - [03/Jan/2006:16:44:34 +0000] "GET /cabins/_derived/links.htm_cmp_eclipse000_vbtn.gif HTTP/1.1" 200 189 "http://www.kazbon.com/cabins/" "Mozilla/4.0 (compatible; MSIE 6.0; Windows NT 5.0; (R1 1.5); .NET CLR 1.0.3705; MSN 9.0;MSN 9.1; MSNbQ002; MSNmen-us; MSNcOTH; MPLUS)"
71.34.108.23 - - [03/Jan/2006:16:44:34 +0000] "GET /cabins/_derived/linkinfo.htm_cmp_eclipse000_vbtn.gif HTTP/1.1" 200 219 "http://www.kazbon.com/cabins/" "Mozilla/4.0 (compatible; MSIE 6.0; Windows NT 5.0; (R1 1.5); .NET CLR 1.0.3705; MSN 9.0;MSN 9.1; MSNbQ002; MSNmen-us; MSNcOTH; MPLUS)"
71.34.108.23 - - [03/Jan/2006:16:44:35 +0000] "GET /cabins/_derived/ext1045_cmp_eclipse000_vbtn.gif HTTP/1.1" 200 262 "http://www.kazbon.com/cabins/" "Mozilla/4.0 (compatible; MSIE 6.0; Windows NT 5.0; (R1 1.5); .NET CLR 1.0.3705; MSN 9.0;MSN 9.1; MSNbQ002; MSNmen-us; MSNcOTH; MPLUS)"
71.34.108.23 - - [03/Jan/2006:16:44:35 +0000] "GET /cabins/images/COASTLNE.gif HTTP/1.1" 200 25573 "http://www.kazbon.com/cabins/" "Mozilla/4.0 (compatible; MSIE 6.0; Windows NT 5.0; (R1 1.5); .NET CLR 1.0.3705; MSN 9.0;MSN 9.1; MSNbQ002; MSNmen-us; MSNcOTH; MPLUS)"
71.34.108.23 - - [03/Jan/2006:16:44:36 +0000] "GET /cabins/_themes/eclipse/eclbul1.gif HTTP/1.1" 200 69 "http://www.kazbon.com/cabins/" "Mozilla/4.0 (compatible; MSIE 6.0; Windows NT 5.0; (R1 1.5); .NET CLR 1.0.3705; MSN 9.0;MSN 9.1; MSNbQ002; MSNmen-us; MSNcOTH; MPLUS)"
71.34.108.23 - - [03/Jan/2006:16:44:36 +0000] "GET /cabins/images/CabinFrontNWcoast.jpg HTTP/1.1" 200 89414 "http://www.kazbon.com/cabins/" "Mozilla/4.0 (compatible; MSIE 6.0; Windows NT 5.0; (R1 1.5); .NET CLR 1.0.3705; MSN 9.0;MSN 9.1; MSNbQ002; MSNmen-us; MSNcOTH; MPLUS)"
71.34.108.23 - - [03/Jan/2006:16:44:37 +0000] "GET /cabins/index.1.gif HTTP/1.1" 200 155 "http://www.kazbon.com/cabins/" "Mozilla/4.0 (compatible; MSIE 6.0; Windows NT 5.0; (R1 1.5); .NET CLR 1.0.3705; MSN 9.0;MSN 9.1; MSNbQ002; MSNmen-us; MSNcOTH; MPLUS)"
71.34.108.23 - - [03/Jan/2006:16:44:37 +0000] "GET /cabins/images/webfishmain.jpg HTTP/1.1" 200 22468 "http://www.kazbon.com/cabins/" "Mozilla/4.0 (compatible; MSIE 6.0; Windows NT 5.0; (R1 1.5); .NET CLR 1.0.3705; MSN 9.0;MSN 9.1; MSNbQ002; MSNmen-us; MSNcOTH; MPLUS)"
71.34.108.23 - - [03/Jan/2006:16:44:37 +0000] "GET /cabins/images/webporch.jpg HTTP/1.1" 200 17365 "http://www.kazbon.com/cabins/" "Mozilla/4.0 (compatible; MSIE 6.0; Windows NT 5.0; (R1 1.5); .NET CLR 1.0.3705; MSN 9.0;MSN 9.1; MSNbQ002; MSNmen-us; MSNcOTH; MPLUS)"
71.34.108.23 - - [03/Jan/2006:16:44:37 +0000] "GET /cabins/images/webmeadowmain.jpg HTTP/1.1" 200 24894 "http://www.kazbon.com/cabins/" "Mozilla/4.0 (compatible; MSIE 6.0; Windows NT 5.0; (R1 1.5); .NET CLR 1.0.3705; MSN 9.0;MSN 9.1; MSNbQ002; MSNmen-us; MSNcOTH; MPLUS)"
71.34.108.23 - - [03/Jan/2006:16:44:38 +0000] "GET /cabins/_themes/eclipse/eclrule.gif HTTP/1.1" 200 160 "http://www.kazbon.com/cabins/" "Mozilla/4.0 (compatible; MSIE 6.0; Windows NT 5.0; (R1 1.5); .NET CLR 1.0.3705; MSN 9.0;MSN 9.1; MSNbQ002; MSNmen-us; MSNcOTH; MPLUS)"
71.34.108.23 - - [03/Jan/2006:16:44:38 +0000] "GET /logo2.jpg HTTP/1.1" 200 10125 "http://www.kazbon.com/cabins/" "Mozilla/4.0 (compatible; MSIE 6.0; Windows NT 5.0; (R1 1.5); .NET CLR 1.0.3705; MSN 9.0;MSN 9.1; MSNbQ002; MSNmen-us; MSNcOTH; MPLUS)"
71.34.108.23 - - [03/Jan/2006:16:44:38 +0000] "GET /cabins/_vti_bin/fpcount.exe/cabins/?Page=index.html|Image=3|Digits=5 HTTP/1.1" 200 444 "http://www.kazbon.com/cabins/" "Mozilla/4.0 (compatible; MSIE 6.0; Windows NT 5.0; (R1 1.5); .NET CLR 1.0.3705; MSN 9.0;MSN 9.1; MSNbQ002; MSNmen-us; MSNcOTH; MPLUS)"
65.222.158.132 - - [03/Jan/2006:16:44:40 +0000] "GET /cabins/_vti_bin/fpcount.exe/cabins/?Page=beachcabin.htm|Image=3|Digits=5 HTTP/1.1" 200 433 "http://www.kazbon.com/cabins/beachcabin.htm" "Mozilla/4.0 (compatible; MSIE 6.0; Windows NT 5.1; .NET CLR 1.1.4322)"
65.222.158.132 - - [03/Jan/2006:16:44:41 +0000] "GET /cabins/_vti_bin/fpcount.exe/cabins/?Page=index.html|Image=3|Digits=5 HTTP/1.1" 200 451 "http://www.kazbon.com/cabins/" "Mozilla/4.0 (compatible; MSIE 6.0; Windows NT 5.1; .NET CLR 1.1.4322)"
67.189.26.176 - - [03/Jan/2006:16:50:17 +0000] "GET /trhunterpage/search.htm HTTP/1.1" 200 9701 "http://www.trhunter.com/Nav.aspx/Page=Http://www.kazbon.com/trhunterpage/search.htm" "Mozilla/5.0 (Windows; U; Windows NT 5.1; en-US; rv:1.7.12) Gecko/20050915 Firefox/1.0.7"
67.189.26.176 - - [03/Jan/2006:16:50:18 +0000] "GET /trhunterpage/_borders/mls.jpg HTTP/1.1" 200 3233 "http://www.kazbon.com/trhunterpage/search.htm" "Mozilla/5.0 (Windows; U; Windows NT 5.1; en-US; rv:1.7.12) Gecko/20050915 Firefox/1.0.7"
67.189.26.176 - - [03/Jan/2006:16:50:18 +0000] "GET /trhunterpage/_borders/trhunterlogo.jpg HTTP/1.1" 200 9572 "http://www.kazbon.com/trhunterpage/search.htm" "Mozilla/5.0 (Windows; U; Windows NT 5.1; en-US; rv:1.7.12) Gecko/20050915 Firefox/1.0.7"
69.71.163.55 - - [03/Jan/2006:17:03:41 +0000] "GET /trhunterpage/search.htm HTTP/1.1" 304 - "http://www.trhunter.com/Nav.aspx/Page=Http://www.kazbon.com/trhunterpage/search.htm" "Mozilla/4.0 (compatible; MSIE 6.0; Windows NT 5.1; SV1; .NET CLR 1.1.4322)"
69.71.163.55 - - [03/Jan/2006:17:03:42 +0000] "GET /trhunterpage/_borders/trhunterlogo.jpg HTTP/1.1" 304 - "http://www.kazbon.com/trhunterpage/search.htm" "Mozilla/4.0 (compatible; MSIE 6.0; Windows NT 5.1; SV1; .NET CLR 1.1.4322)"
71.33.25.219 - - [03/Jan/2006:17:07:45 +0000] "GET /trhunterpage/search.htm HTTP/1.1" 200 9701 "-" "Mozilla/4.0 (compatible; MSIE 6.0; Windows NT 5.1; SV1; .NET CLR 1.1.4322; MSN 9.0;MSN 9.1; MSNbQ002; MSNmen-us; MSNcOTH; MPLUS)"
71.33.25.219 - - [03/Jan/2006:17:07:45 +0000] "GET /trhunterpage/_borders/mls.jpg HTTP/1.1" 200 3233 "http://www.kazbon.com/trhunterpage/search.htm" "Mozilla/4.0 (compatible; MSIE 6.0; Windows NT 5.1; SV1; .NET CLR 1.1.4322; MSN 9.0;MSN 9.1; MSNbQ002; MSNmen-us; MSNcOTH; MPLUS)"
71.33.25.219 - - [03/Jan/2006:17:07:45 +0000] "GET /trhunterpage/_borders/trhunterlogo.jpg HTTP/1.1" 200 9572 "http://www.kazbon.com/trhunterpage/search.htm" "Mozilla/4.0 (compatible; MSIE 6.0; Windows NT 5.1; SV1; .NET CLR 1.1.4322; MSN 9.0;MSN 9.1; MSNbQ002; MSNmen-us; MSNcOTH; MPLUS)"
71.33.25.219 - - [03/Jan/2006:17:12:06 +0000] "GET /trhunterpage/search.htm HTTP/1.1" 304 - "-" "Mozilla/4.0 (compatible; MSIE 6.0; Windows NT 5.1; SV1; .NET CLR 1.1.4322; MSN 9.0;MSN 9.1; MSNbQ002; MSNmen-us; MSNcOTH; MPLUS)"
71.33.25.219 - - [03/Jan/2006:17:12:06 +0000] "GET /trhunterpage/_borders/trhunterlogo.jpg HTTP/1.1" 304 - "http://www.kazbon.com/trhunterpage/search.htm" "Mozilla/4.0 (compatible; MSIE 6.0; Windows NT 5.1; SV1; .NET CLR 1.1.4322; MSN 9.0;MSN 9.1; MSNbQ002; MSNmen-us; MSNcOTH; MPLUS)"
