195.93.21.38 - - [05/Jan/2006:16:40:29 +0000] "GET /trhunterpage/search.htm HTTP/1.1" 200 9701 "http://www.trhunter.com/Nav/NavContent.aspx" "Mozilla/4.0 (compatible; MSIE 6.0; AOL 9.0; Windows NT 5.1)"
195.93.21.37 - - [05/Jan/2006:16:40:30 +0000] "GET /trhunterpage/_borders/trhunterlogo.jpg HTTP/1.0" 200 9572 "http://www.kazbon.com/trhunterpage/search.htm" "Mozilla/4.0 (compatible; MSIE 6.0; AOL 9.0; Windows NT 5.1)"
195.93.21.97 - - [05/Jan/2006:16:40:30 +0000] "GET /trhunterpage/_borders/mls.jpg HTTP/1.0" 200 3233 "http://www.kazbon.com/trhunterpage/search.htm" "Mozilla/4.0 (compatible; MSIE 6.0; AOL 9.0; Windows NT 5.1)"
195.93.21.38 - - [05/Jan/2006:16:40:30 +0000] "GET /trhunterpage/search.htm HTTP/1.0" 200 9701 "http://www.trhunter.com/Nav.aspx/Page=Http://www.kazbon.com/trhunterpage/search.htm" "Mozilla/4.0 (compatible; MSIE 6.0; AOL 9.0; Windows NT 5.1)"
65.54.188.136 - - [05/Jan/2006:16:40:32 +0000] "GET /coastal/beachrentals.htm HTTP/1.0" 200 15365 "-" "msnbot/1.0 (+http://search.msn.com/msnbot.htm)"
65.54.188.136 - - [05/Jan/2006:16:40:35 +0000] "GET /robots.txt HTTP/1.0" 404 204 "-" "msnbot/1.0 (+http://search.msn.com/msnbot.htm)"
65.54.188.136 - - [05/Jan/2006:16:40:35 +0000] "GET /coastal/coastal.htm HTTP/1.0" 200 21742 "-" "msnbot/1.0 (+http://search.msn.com/msnbot.htm)"
65.54.188.136 - - [05/Jan/2006:16:40:35 +0000] "GET /coastal/siltcoos.htm HTTP/1.0" 200 23149 "-" "msnbot/1.0 (+http://search.msn.com/msnbot.htm)"
64.112.218.214 - - [05/Jan/2006:16:42:15 +0000] "GET /trhunterpage/search.htm HTTP/1.1" 200 9701 "http://www.trhunter.com/Nav.aspx/Page=Http://www.kazbon.com/trhunterpage/search.htm" "Mozilla/4.0 (compatible; MSIE 6.0; Windows NT 5.1; SV1; .NET CLR 1.1.4322; .NET CLR 2.0.50727)"
64.112.218.214 - - [05/Jan/2006:16:42:16 +0000] "GET /trhunterpage/_borders/trhunterlogo.jpg HTTP/1.1" 200 9572 "http://www.kazbon.com/trhunterpage/search.htm" "Mozilla/4.0 (compatible; MSIE 6.0; Windows NT 5.1; SV1; .NET CLR 1.1.4322; .NET CLR 2.0.50727)"
64.112.218.214 - - [05/Jan/2006:16:42:16 +0000] "GET /trhunterpage/_borders/mls.jpg HTTP/1.1" 200 3233 "http://www.kazbon.com/trhunterpage/search.htm" "Mozilla/4.0 (compatible; MSIE 6.0; Windows NT 5.1; SV1; .NET CLR 1.1.4322; .NET CLR 2.0.50727)"
65.54.188.136 - - [05/Jan/2006:16:42:55 +0000] "GET /coastal/heceta.htm HTTP/1.0" 200 22850 "-" "msnbot/1.0 (+http://search.msn.com/msnbot.htm)"
65.54.188.136 - - [05/Jan/2006:16:43:01 +0000] "GET /coastal HTTP/1.0" 301 234 "-" "msnbot/1.0 (+http://search.msn.com/msnbot.htm)"
65.54.188.136 - - [05/Jan/2006:16:43:01 +0000] "GET /coastal HTTP/1.0" 301 234 "-" "msnbot/1.0 (+http://search.msn.com/msnbot.htm)"
65.54.188.136 - - [05/Jan/2006:16:48:27 +0000] "GET /cabins HTTP/1.0" 301 233 "-" "msnbot/1.0 (+http://search.msn.com/msnbot.htm)"
64.112.218.214 - - [05/Jan/2006:16:51:10 +0000] "GET /trhunterpage/search.htm HTTP/1.1" 304 - "http://www.trhunter.com/Nav.aspx/Page=Http://www.kazbon.com/trhunterpage/search.htm" "Mozilla/4.0 (compatible; MSIE 6.0; Windows NT 5.1; SV1; .NET CLR 1.1.4322; .NET CLR 2.0.50727)"
64.112.218.214 - - [05/Jan/2006:16:51:10 +0000] "GET /trhunterpage/_borders/trhunterlogo.jpg HTTP/1.1" 304 - "http://www.kazbon.com/trhunterpage/search.htm" "Mozilla/4.0 (compatible; MSIE 6.0; Windows NT 5.1; SV1; .NET CLR 1.1.4322; .NET CLR 2.0.50727)"
64.112.218.214 - - [05/Jan/2006:16:51:10 +0000] "GET /trhunterpage/_borders/mls.jpg HTTP/1.1" 304 - "http://www.kazbon.com/trhunterpage/search.htm" "Mozilla/4.0 (compatible; MSIE 6.0; Windows NT 5.1; SV1; .NET CLR 1.1.4322; .NET CLR 2.0.50727)"
10.203.2.15 - - [05/Jan/2006:16:56:41 +0000] "GET /trhunterpage/search.htm HTTP/1.0" 200 9701 "http://www.trhunter.com/Nav.aspx/Page=Http://www.kazbon.com/trhunterpage/search.htm" "Mozilla/4.0 (compatible; MSIE 6.0; Windows NT 5.1)"
10.203.2.15 - - [05/Jan/2006:16:56:46 +0000] "GET /trhunterpage/_borders/trhunterlogo.jpg HTTP/1.0" 200 9572 "http://www.kazbon.com/trhunterpage/search.htm" "Mozilla/4.0 (compatible; MSIE 6.0; Windows NT 5.1)"
10.203.2.15 - - [05/Jan/2006:16:56:47 +0000] "GET /trhunterpage/_borders/mls.jpg HTTP/1.0" 200 3233 "http://www.kazbon.com/trhunterpage/search.htm" "Mozilla/4.0 (compatible; MSIE 6.0; Windows NT 5.1)"
209.191.65.252 - - [05/Jan/2006:16:57:38 +0000] "GET /cabins/housepictures/liv4.jpg HTTP/1.0" 304 - "-" "Yahoo-MMCrawler/3.x (mms dash mmcrawler dash support at yahoo dash inc dot com)"
209.191.65.252 - - [05/Jan/2006:17:07:53 +0000] "GET /cabins/housepictures/logo2.jpg HTTP/1.0" 304 - "-" "Yahoo-MMCrawler/3.x (mms dash mmcrawler dash support at yahoo dash inc dot com)"
139.18.2.214 - - [05/Jan/2006:17:40:08 +0000] "GET /robots.txt HTTP/1.1" 404 216 "-" "findlinks/1.1-a7 (+http://wortschatz.uni-leipzig.de/findlinks/)"
209.191.65.252 - - [05/Jan/2006:18:00:14 +0000] "GET /cabins/images/webfishview.jpg HTTP/1.0" 304 - "-" "Yahoo-MMCrawler/3.x (mms dash mmcrawler dash support at yahoo dash inc dot com)"
63.240.135.30 - - [05/Jan/2006:18:05:50 +0000] "GET /cabins HTTP/1.1" 301 245 "http://search.msn.com/results.aspx?q=florence+oregon+vacation+rentals&FORM=MSNH&srch_type=0" "Mozilla/4.0 (compatible; MSIE 6.0; Windows NT 5.1; SV1; .NET CLR 1.1.4322)"
63.240.135.30 - - [05/Jan/2006:18:05:50 +0000] "GET /cabins/ HTTP/1.1" 200 21184 "-" "Mozilla/3.01 (compatible;)"
63.240.135.30 - - [05/Jan/2006:18:05:50 +0000] "GET /cabins/_derived/links.htm_cmp_eclipse000_vbtn.gif HTTP/1.1" 200 189 "-" "Mozilla/3.01 (compatible;)"
63.240.135.30 - - [05/Jan/2006:18:05:50 +0000] "GET /cabins/_derived/ext1048_cmp_eclipse000_vbtn.gif HTTP/1.1" 200 230 "-" "Mozilla/3.01 (compatible;)"
63.240.135.30 - - [05/Jan/2006:18:05:50 +0000] "GET /cabins/_derived/ext1047_cmp_eclipse000_vbtn.gif HTTP/1.1" 200 269 "-" "Mozilla/3.01 (compatible;)"
63.240.135.30 - - [05/Jan/2006:18:05:50 +0000] "GET /cabins/_derived/fishingcabin.htm_cmp_eclipse000_vbtn.gif HTTP/1.1" 200 242 "-" "Mozilla/3.01 (compatible;)"
63.240.135.30 - - [05/Jan/2006:18:05:50 +0000] "GET /cabins/_derived/florencemap.htm_cmp_eclipse000_vbtn.gif HTTP/1.1" 200 239 "-" "Mozilla/3.01 (compatible;)"
63.240.135.30 - - [05/Jan/2006:18:05:50 +0000] "GET /cabins/_derived/ext1045_cmp_eclipse000_vbtn.gif HTTP/1.1" 200 262 "-" "Mozilla/3.01 (compatible;)"
63.240.135.30 - - [05/Jan/2006:18:05:50 +0000] "GET /cabins/_derived/rates.htm_cmp_eclipse000_vbtn.gif HTTP/1.1" 200 251 "-" "Mozilla/3.01 (compatible;)"
63.240.135.30 - - [05/Jan/2006:18:05:50 +0000] "GET /cabins/_derived/thingstodo.htm_cmp_eclipse000_vbtn.gif HTTP/1.1" 200 237 "-" "Mozilla/3.01 (compatible;)"
63.240.135.30 - - [05/Jan/2006:18:05:50 +0000] "GET /cabins/_derived/contactdirections.htm_cmp_eclipse000_vbtn.gif HTTP/1.1" 200 259 "-" "Mozilla/3.01 (compatible;)"
63.240.135.30 - - [05/Jan/2006:18:05:50 +0000] "GET /cabins/_derived/ext1046_cmp_eclipse000_vbtn.gif HTTP/1.1" 200 234 "-" "Mozilla/3.01 (compatible;)"
63.240.135.30 - - [05/Jan/2006:18:05:50 +0000] "GET /cabins/_derived/home_cmp_eclipse000_vbtn_p.gif HTTP/1.1" 200 204 "-" "Mozilla/3.01 (compatible;)"
63.240.135.30 - - [05/Jan/2006:18:05:50 +0000] "GET /cabins/_derived/linkinfo.htm_cmp_eclipse000_vbtn.gif HTTP/1.1" 200 219 "-" "Mozilla/3.01 (compatible;)"
63.240.135.30 - - [05/Jan/2006:18:05:50 +0000] "GET /cabins/_themes/eclipse/eclbul1.gif HTTP/1.1" 200 69 "-" "Mozilla/3.01 (compatible;)"
63.240.135.30 - - [05/Jan/2006:18:05:50 +0000] "GET /cabins/_themes/eclipse/eclrule.gif HTTP/1.1" 200 160 "-" "Mozilla/3.01 (compatible;)"
63.240.135.30 - - [05/Jan/2006:18:05:50 +0000] "GET /cabins/index.1.gif HTTP/1.1" 200 155 "-" "Mozilla/3.01 (compatible;)"
63.240.135.30 - - [05/Jan/2006:18:05:50 +0000] "GET /cabins/images/webheader.jpg HTTP/1.1" 200 20087 "-" "Mozilla/3.01 (compatible;)"
63.240.135.30 - - [05/Jan/2006:18:05:50 +0000] "GET /cabins/images/COASTLNE.gif HTTP/1.1" 200 25573 "-" "Mozilla/3.01 (compatible;)"
63.240.135.30 - - [05/Jan/2006:18:05:50 +0000] "GET /cabins/_vti_bin/fpcount.exe/cabins/?Page=index.html|Image=3|Digits=5 HTTP/1.1" 200 439 "-" "Mozilla/3.01 (compatible;)"
63.240.135.30 - - [05/Jan/2006:18:05:50 +0000] "GET /logo2.jpg HTTP/1.1" 200 10125 "-" "Mozilla/3.01 (compatible;)"
63.240.135.30 - - [05/Jan/2006:18:05:50 +0000] "GET /cabins/images/webporch.jpg HTTP/1.1" 200 17365 "-" "Mozilla/3.01 (compatible;)"
63.240.135.30 - - [05/Jan/2006:18:05:50 +0000] "GET /cabins/images/webfishmain.jpg HTTP/1.1" 200 22468 "-" "Mozilla/3.01 (compatible;)"
63.240.135.30 - - [05/Jan/2006:18:05:50 +0000] "GET /cabins/images/webmeadowmain.jpg HTTP/1.1" 200 24894 "-" "Mozilla/3.01 (compatible;)"
63.240.135.30 - - [05/Jan/2006:18:05:51 +0000] "GET /cabins/images/CabinFrontNWcoast.jpg HTTP/1.1" 200 89414 "-" "Mozilla/3.01 (compatible;)"
63.240.135.30 - - [05/Jan/2006:18:05:51 +0000] "GET /cabins/_derived/home_cmp_eclipse000_vbtn_p.gif HTTP/1.1" 304 - "http://www.kazbon.com/cabins/" "Mozilla/4.0 (compatible; MSIE 6.0; Windows NT 5.1; SV1; .NET CLR 1.1.4322)"
63.240.135.30 - - [05/Jan/2006:18:05:51 +0000] "GET /cabins/_derived/ext1047_cmp_eclipse000_vbtn.gif HTTP/1.1" 304 - "http://www.kazbon.com/cabins/" "Mozilla/4.0 (compatible; MSIE 6.0; Windows NT 5.1; SV1; .NET CLR 1.1.4322)"
63.240.135.30 - - [05/Jan/2006:18:05:51 +0000] "GET /cabins/_derived/fishingcabin.htm_cmp_eclipse000_vbtn.gif HTTP/1.1" 304 - "http://www.kazbon.com/cabins/" "Mozilla/4.0 (compatible; MSIE 6.0; Windows NT 5.1; SV1; .NET CLR 1.1.4322)"
63.240.135.30 - - [05/Jan/2006:18:05:51 +0000] "GET /cabins/_derived/ext1046_cmp_eclipse000_vbtn.gif HTTP/1.1" 304 - "http://www.kazbon.com/cabins/" "Mozilla/4.0 (compatible; MSIE 6.0; Windows NT 5.1; SV1; .NET CLR 1.1.4322)"
63.240.135.30 - - [05/Jan/2006:18:05:51 +0000] "GET /cabins/_derived/rates.htm_cmp_eclipse000_vbtn.gif HTTP/1.1" 304 - "http://www.kazbon.com/cabins/" "Mozilla/4.0 (compatible; MSIE 6.0; Windows NT 5.1; SV1; .NET CLR 1.1.4322)"
63.240.135.30 - - [05/Jan/2006:18:05:51 +0000] "GET /cabins/_derived/ext1048_cmp_eclipse000_vbtn.gif HTTP/1.1" 304 - "http://www.kazbon.com/cabins/" "Mozilla/4.0 (compatible; MSIE 6.0; Windows NT 5.1; SV1; .NET CLR 1.1.4322)"
63.240.135.30 - - [05/Jan/2006:18:05:51 +0000] "GET /cabins/_derived/contactdirections.htm_cmp_eclipse000_vbtn.gif HTTP/1.1" 304 - "http://www.kazbon.com/cabins/" "Mozilla/4.0 (compatible; MSIE 6.0; Windows NT 5.1; SV1; .NET CLR 1.1.4322)"
63.240.135.30 - - [05/Jan/2006:18:05:51 +0000] "GET /cabins/_derived/thingstodo.htm_cmp_eclipse000_vbtn.gif HTTP/1.1" 304 - "http://www.kazbon.com/cabins/" "Mozilla/4.0 (compatible; MSIE 6.0; Windows NT 5.1; SV1; .NET CLR 1.1.4322)"
63.240.135.30 - - [05/Jan/2006:18:05:52 +0000] "GET /cabins/_derived/slideshow.htm_cmp_eclipse000_vbtn.gif HTTP/1.1" 304 - "http://www.kazbon.com/cabins/" "Mozilla/4.0 (compatible; MSIE 6.0; Windows NT 5.1; SV1; .NET CLR 1.1.4322)"
63.240.135.30 - - [05/Jan/2006:18:05:52 +0000] "GET /cabins/_derived/florencemap.htm_cmp_eclipse000_vbtn.gif HTTP/1.1" 304 - "http://www.kazbon.com/cabins/" "Mozilla/4.0 (compatible; MSIE 6.0; Windows NT 5.1; SV1; .NET CLR 1.1.4322)"
63.240.135.30 - - [05/Jan/2006:18:05:52 +0000] "GET /cabins/_derived/links.htm_cmp_eclipse000_vbtn.gif HTTP/1.1" 304 - "http://www.kazbon.com/cabins/" "Mozilla/4.0 (compatible; MSIE 6.0; Windows NT 5.1; SV1; .NET CLR 1.1.4322)"
63.240.135.30 - - [05/Jan/2006:18:05:52 +0000] "GET /cabins/_derived/linkinfo.htm_cmp_eclipse000_vbtn.gif HTTP/1.1" 304 - "http://www.kazbon.com/cabins/" "Mozilla/4.0 (compatible; MSIE 6.0; Windows NT 5.1; SV1; .NET CLR 1.1.4322)"
63.240.135.30 - - [05/Jan/2006:18:05:52 +0000] "GET /cabins/_derived/ext1045_cmp_eclipse000_vbtn.gif HTTP/1.1" 304 - "http://www.kazbon.com/cabins/" "Mozilla/4.0 (compatible; MSIE 6.0; Windows NT 5.1; SV1; .NET CLR 1.1.4322)"
63.240.135.30 - - [05/Jan/2006:18:05:52 +0000] "GET /cabins/images/COASTLNE.gif HTTP/1.1" 304 - "http://www.kazbon.com/cabins/" "Mozilla/4.0 (compatible; MSIE 6.0; Windows NT 5.1; SV1; .NET CLR 1.1.4322)"
63.240.135.30 - - [05/Jan/2006:18:05:52 +0000] "GET /cabins/images/CabinFrontNWcoast.jpg HTTP/1.1" 304 - "http://www.kazbon.com/cabins/" "Mozilla/4.0 (compatible; MSIE 6.0; Windows NT 5.1; SV1; .NET CLR 1.1.4322)"
63.240.135.30 - - [05/Jan/2006:18:05:52 +0000] "GET /cabins/_themes/eclipse/eclbul1.gif HTTP/1.1" 304 - "http://www.kazbon.com/cabins/" "Mozilla/4.0 (compatible; MSIE 6.0; Windows NT 5.1; SV1; .NET CLR 1.1.4322)"
63.240.135.30 - - [05/Jan/2006:18:05:53 +0000] "GET /cabins/images/webporch.jpg HTTP/1.1" 304 - "http://www.kazbon.com/cabins/" "Mozilla/4.0 (compatible; MSIE 6.0; Windows NT 5.1; SV1; .NET CLR 1.1.4322)"
63.240.135.30 - - [05/Jan/2006:18:05:53 +0000] "GET /cabins/images/webmeadowmain.jpg HTTP/1.1" 304 - "http://www.kazbon.com/cabins/" "Mozilla/4.0 (compatible; MSIE 6.0; Windows NT 5.1; SV1; .NET CLR 1.1.4322)"
63.240.135.30 - - [05/Jan/2006:18:05:53 +0000] "GET /cabins/_themes/eclipse/eclrule.gif HTTP/1.1" 304 - "http://www.kazbon.com/cabins/" "Mozilla/4.0 (compatible; MSIE 6.0; Windows NT 5.1; SV1; .NET CLR 1.1.4322)"
63.240.135.30 - - [05/Jan/2006:18:05:53 +0000] "GET /cabins/images/webfishmain.jpg HTTP/1.1" 304 - "http://www.kazbon.com/cabins/" "Mozilla/4.0 (compatible; MSIE 6.0; Windows NT 5.1; SV1; .NET CLR 1.1.4322)"
63.240.135.30 - - [05/Jan/2006:18:05:54 +0000] "GET /cabins/_vti_bin/fpcount.exe/cabins/?Page=index.html|Image=3|Digits=5 HTTP/1.1" 200 437 "http://www.kazbon.com/cabins/" "Mozilla/4.0 (compatible; MSIE 6.0; Windows NT 5.1; SV1; .NET CLR 1.1.4322)"
63.240.135.30 - - [05/Jan/2006:18:05:54 +0000] "GET /logo2.jpg HTTP/1.1" 304 - "http://www.kazbon.com/cabins/" "Mozilla/4.0 (compatible; MSIE 6.0; Windows NT 5.1; SV1; .NET CLR 1.1.4322)"
205.188.116.74 - - [05/Jan/2006:18:08:28 +0000] "GET /cabins/ HTTP/1.0" 200 21184 "http://www.google.com/search?hl=en&ie=ISO-8859-1&q=siltcoos+lake+vacation+rentals&btnG=Google+Search" "Mozilla/4.0 (compatible; MSIE 6.0; AOL 9.0; Windows NT 5.1; SV1)"
205.188.116.74 - - [05/Jan/2006:18:08:28 +0000] "HEAD /cabins/_derived/fishingcabin.htm_cmp_eclipse000_vbtn.gif HTTP/1.1" 200 - "-" "Mozilla/4.0 (compatible; MSIE 6.0; AOL 9.0; Windows NT 5.1; SV1)"
205.188.116.9 - - [05/Jan/2006:18:08:29 +0000] "HEAD /cabins/_derived/linkinfo.htm_cmp_eclipse000_vbtn.gif HTTP/1.0" 200 - "-" "Mozilla/4.0 (compatible; MSIE 6.0; AOL 9.0; Windows NT 5.1; SV1)"
205.188.116.14 - - [05/Jan/2006:18:08:29 +0000] "HEAD /cabins/_derived/slideshow.htm_cmp_eclipse000_vbtn.gif HTTP/1.0" 200 - "-" "Mozilla/4.0 (compatible; MSIE 6.0; AOL 9.0; Windows NT 5.1; SV1)"
205.188.116.5 - - [05/Jan/2006:18:08:29 +0000] "HEAD /cabins/_themes/eclipse/eclrule.gif HTTP/1.0" 200 - "-" "Mozilla/4.0 (compatible; MSIE 6.0; AOL 9.0; Windows NT 5.1; SV1)"
205.188.117.5 - - [05/Jan/2006:18:08:29 +0000] "HEAD /cabins/_derived/contactdirections.htm_cmp_eclipse000_vbtn.gif HTTP/1.0" 200 - "-" "Mozilla/4.0 (compatible; MSIE 6.0; AOL 9.0; Windows NT 5.1; SV1)"
205.188.116.14 - - [05/Jan/2006:18:08:29 +0000] "HEAD /cabins/_derived/rates.htm_cmp_eclipse000_vbtn.gif HTTP/1.0" 200 - "-" "Mozilla/4.0 (compatible; MSIE 6.0; AOL 9.0; Windows NT 5.1; SV1)"
205.188.116.71 - - [05/Jan/2006:18:08:29 +0000] "HEAD /cabins/_derived/florencemap.htm_cmp_eclipse000_vbtn.gif HTTP/1.0" 200 - "-" "Mozilla/4.0 (compatible; MSIE 6.0; AOL 9.0; Windows NT 5.1; SV1)"
205.188.117.72 - - [05/Jan/2006:18:08:29 +0000] "HEAD /cabins/_themes/eclipse/eclbul1.gif HTTP/1.0" 200 - "-" "Mozilla/4.0 (compatible; MSIE 6.0; AOL 9.0; Windows NT 5.1; SV1)"
205.188.116.203 - - [05/Jan/2006:18:08:29 +0000] "HEAD /cabins/_derived/ext1046_cmp_eclipse000_vbtn.gif HTTP/1.0" 200 - "-" "Mozilla/4.0 (compatible; MSIE 6.0; AOL 9.0; Windows NT 5.1; SV1)"
205.188.116.65 - - [05/Jan/2006:18:08:29 +0000] "HEAD /cabins/beachcabin.htm HTTP/1.0" 200 - "-" "Mozilla/4.0 (compatible; MSIE 6.0; AOL 9.0; Windows NT 5.1; SV1)"
205.188.116.203 - - [05/Jan/2006:18:08:29 +0000] "HEAD /cabins/_derived/ext1048_cmp_eclipse000_vbtn.gif HTTP/1.0" 200 - "-" "Mozilla/4.0 (compatible; MSIE 6.0; AOL 9.0; Windows NT 5.1; SV1)"
205.188.116.65 - - [05/Jan/2006:18:08:29 +0000] "HEAD /cabins/_derived/beachcabin.htm_cmp_eclipse000_vbtn.gif HTTP/1.0" 200 - "-" "Mozilla/4.0 (compatible; MSIE 6.0; AOL 9.0; Windows NT 5.1; SV1)"
205.188.116.65 - - [05/Jan/2006:18:08:29 +0000] "GET /cabins/_derived/beachcabin.htm_cmp_eclipse000_vbtn.gif HTTP/1.0" 200 231 "http://www.kazbon.com/cabins/" "Mozilla/4.0 (compatible; MSIE 6.0; AOL 9.0; Windows NT 5.1; SV1)"
205.188.116.68 - - [05/Jan/2006:18:08:29 +0000] "HEAD /cabins/_derived/thingstodo.htm_cmp_eclipse000_vbtn.gif HTTP/1.0" 200 - "-" "Mozilla/4.0 (compatible; MSIE 6.0; AOL 9.0; Windows NT 5.1; SV1)"
205.188.116.203 - - [05/Jan/2006:18:08:29 +0000] "HEAD /cabins/_derived/ext1045_cmp_eclipse000_vbtn.gif HTTP/1.0" 200 - "-" "Mozilla/4.0 (compatible; MSIE 6.0; AOL 9.0; Windows NT 5.1; SV1)"
205.188.117.67 - - [05/Jan/2006:18:08:29 +0000] "HEAD /cabins/_derived/links.htm_cmp_eclipse000_vbtn.gif HTTP/1.0" 200 - "-" "Mozilla/4.0 (compatible; MSIE 6.0; AOL 9.0; Windows NT 5.1; SV1)"
205.188.116.203 - - [05/Jan/2006:18:08:29 +0000] "GET /cabins/_derived/ext1047_cmp_eclipse000_vbtn.gif HTTP/1.0" 200 269 "http://www.kazbon.com/cabins/" "Mozilla/4.0 (compatible; MSIE 6.0; AOL 9.0; Windows NT 5.1; SV1)"
205.188.116.203 - - [05/Jan/2006:18:08:29 +0000] "HEAD /cabins/_derived/ext1047_cmp_eclipse000_vbtn.gif HTTP/1.0" 200 - "-" "Mozilla/4.0 (compatible; MSIE 6.0; AOL 9.0; Windows NT 5.1; SV1)"
205.188.116.74 - - [05/Jan/2006:18:08:29 +0000] "GET /cabins/_derived/fishingcabin.htm_cmp_eclipse000_vbtn.gif HTTP/1.1" 200 242 "http://www.kazbon.com/cabins/" "Mozilla/4.0 (compatible; MSIE 6.0; AOL 9.0; Windows NT 5.1; SV1)"
205.188.117.6 - - [05/Jan/2006:18:08:29 +0000] "HEAD /cabins/_derived/home_cmp_eclipse000_vbtn_p.gif HTTP/1.0" 200 - "-" "Mozilla/4.0 (compatible; MSIE 6.0; AOL 9.0; Windows NT 5.1; SV1)"
205.188.117.6 - - [05/Jan/2006:18:08:29 +0000] "GET /cabins/_derived/home_cmp_eclipse000_vbtn_p.gif HTTP/1.0" 304 - "http://www.kazbon.com/cabins/" "Mozilla/4.0 (compatible; MSIE 6.0; AOL 9.0; Windows NT 5.1; SV1)"
205.188.116.203 - - [05/Jan/2006:18:08:29 +0000] "GET /cabins/_derived/ext1048_cmp_eclipse000_vbtn.gif HTTP/1.1" 200 230 "http://www.kazbon.com/cabins/" "Mozilla/4.0 (compatible; MSIE 6.0; AOL 9.0; Windows NT 5.1; SV1)"
205.188.116.14 - - [05/Jan/2006:18:08:29 +0000] "GET /cabins/_derived/rates.htm_cmp_eclipse000_vbtn.gif HTTP/1.1" 200 251 "http://www.kazbon.com/cabins/" "Mozilla/4.0 (compatible; MSIE 6.0; AOL 9.0; Windows NT 5.1; SV1)"
205.188.116.203 - - [05/Jan/2006:18:08:29 +0000] "GET /cabins/_derived/ext1046_cmp_eclipse000_vbtn.gif HTTP/1.1" 200 234 "http://www.kazbon.com/cabins/" "Mozilla/4.0 (compatible; MSIE 6.0; AOL 9.0; Windows NT 5.1; SV1)"
205.188.117.10 - - [05/Jan/2006:18:08:30 +0000] "GET /cabins/_vti_bin/fpcount.exe/cabins/?Page=index.html|Image=3|Digits=5 HTTP/1.0" 200 433 "http://www.kazbon.com/cabins/" "Mozilla/4.0 (compatible; MSIE 6.0; AOL 9.0; Windows NT 5.1; SV1)"
205.188.116.130 - - [05/Jan/2006:18:09:18 +0000] "GET /cabins/fishingcabin.htm HTTP/1.0" 200 15990 "http://www.kazbon.com/cabins/" "Mozilla/4.0 (compatible; MSIE 6.0; AOL 9.0; Windows NT 5.1; SV1)"
205.188.117.72 - - [05/Jan/2006:18:09:18 +0000] "HEAD /cabins/_derived/fishingcabin.htm_cmp_eclipse000_vbtn_p.gif HTTP/1.1" 200 - "-" "Mozilla/4.0 (compatible; MSIE 6.0; AOL 9.0; Windows NT 5.1; SV1)"
205.188.117.72 - - [05/Jan/2006:18:09:18 +0000] "HEAD /cabins/images/button1.jpg HTTP/1.1" 200 - "-" "Mozilla/4.0 (compatible; MSIE 6.0; AOL 9.0; Windows NT 5.1; SV1)"
205.188.116.9 - - [05/Jan/2006:18:09:18 +0000] "HEAD /cabins/images/button3.jpg HTTP/1.1" 200 - "-" "Mozilla/4.0 (compatible; MSIE 6.0; AOL 9.0; Windows NT 5.1; SV1)"
205.188.116.201 - - [05/Jan/2006:18:09:18 +0000] "HEAD /cabins/images/button2.jpg HTTP/1.0" 200 - "-" "Mozilla/4.0 (compatible; MSIE 6.0; AOL 9.0; Windows NT 5.1; SV1)"
205.188.117.72 - - [05/Jan/2006:18:09:18 +0000] "GET /cabins/_derived/fishingcabin.htm_cmp_eclipse000_vbtn_p.gif HTTP/1.1" 200 253 "http://www.kazbon.com/cabins/fishingcabin.htm" "Mozilla/4.0 (compatible; MSIE 6.0; AOL 9.0; Windows NT 5.1; SV1)"
205.188.117.71 - - [05/Jan/2006:18:09:19 +0000] "GET /cabins/_derived/index.html_cmp_eclipse000_vbtn.gif HTTP/1.0" 200 191 "http://www.kazbon.com/cabins/fishingcabin.htm" "Mozilla/4.0 (compatible; MSIE 6.0; AOL 9.0; Windows NT 5.1; SV1)"
205.188.117.72 - - [05/Jan/2006:18:09:19 +0000] "GET /cabins/images/button1.jpg HTTP/1.1" 200 3685 "http://www.kazbon.com/cabins/fishingcabin.htm" "Mozilla/4.0 (compatible; MSIE 6.0; AOL 9.0; Windows NT 5.1; SV1)"
205.188.116.203 - - [05/Jan/2006:18:09:56 +0000] "GET /cabins/_derived/ext1043_cmp_eclipse000_vbtn.gif HTTP/1.1" 200 269 "http://www.kazbon.com/cabins/beachcabin.htm" "Mozilla/4.0 (compatible; MSIE 6.0; AOL 9.0; Windows NT 5.1; SV1)"
205.188.116.203 - - [05/Jan/2006:18:09:56 +0000] "GET /cabins/_derived/ext1044_cmp_eclipse000_vbtn.gif HTTP/1.1" 200 230 "http://www.kazbon.com/cabins/beachcabin.htm" "Mozilla/4.0 (compatible; MSIE 6.0; AOL 9.0; Windows NT 5.1; SV1)"
205.188.116.203 - - [05/Jan/2006:18:09:56 +0000] "GET /cabins/images/button16.jpg HTTP/1.1" 200 3673 "http://www.kazbon.com/cabins/beachcabin.htm" "Mozilla/4.0 (compatible; MSIE 6.0; AOL 9.0; Windows NT 5.1; SV1)"
205.188.116.137 - - [05/Jan/2006:18:09:56 +0000] "HEAD /cabins/images/button18.jpg HTTP/1.0" 200 - "-" "Mozilla/4.0 (compatible; MSIE 6.0; AOL 9.0; Windows NT 5.1; SV1)"
205.188.116.73 - - [05/Jan/2006:18:09:56 +0000] "GET /cabins/_derived/beachcabin.htm_cmp_eclipse000_vbtn_p.gif HTTP/1.0" 200 242 "http://www.kazbon.com/cabins/beachcabin.htm" "Mozilla/4.0 (compatible; MSIE 6.0; AOL 9.0; Windows NT 5.1; SV1)"
205.188.116.203 - - [05/Jan/2006:18:09:56 +0000] "HEAD /cabins/_derived/ext1043_cmp_eclipse000_vbtn.gif HTTP/1.1" 200 - "-" "Mozilla/4.0 (compatible; MSIE 6.0; AOL 9.0; Windows NT 5.1; SV1)"
205.188.116.203 - - [05/Jan/2006:18:09:56 +0000] "HEAD /cabins/images/button16.jpg HTTP/1.1" 200 - "-" "Mozilla/4.0 (compatible; MSIE 6.0; AOL 9.0; Windows NT 5.1; SV1)"
205.188.116.135 - - [05/Jan/2006:18:09:56 +0000] "HEAD /cabins/images/button17.jpg HTTP/1.0" 200 - "-" "Mozilla/4.0 (compatible; MSIE 6.0; AOL 9.0; Windows NT 5.1; SV1)"
205.188.116.73 - - [05/Jan/2006:18:09:56 +0000] "HEAD /cabins/_derived/beachcabin.htm_cmp_eclipse000_vbtn_p.gif HTTP/1.0" 200 - "-" "Mozilla/4.0 (compatible; MSIE 6.0; AOL 9.0; Windows NT 5.1; SV1)"
205.188.116.67 - - [05/Jan/2006:18:09:57 +0000] "GET /cabins/_vti_bin/fpcount.exe/cabins/?Page=beachcabin.htm|Image=3|Digits=5 HTTP/1.0" 200 432 "http://www.kazbon.com/cabins/beachcabin.htm" "Mozilla/4.0 (compatible; MSIE 6.0; AOL 9.0; Windows NT 5.1; SV1)"
205.188.116.68 - - [05/Jan/2006:18:15:44 +0000] "GET /cabins/_derived/thingstodo.htm_cmp_eclipse000_vbtn.gif HTTP/1.1" 200 237 "http://www.kazbon.com/cabins/" "Mozilla/4.0 (compatible; MSIE 6.0; AOL 9.0; Windows NT 5.1; SV1)"
205.188.117.67 - - [05/Jan/2006:18:15:44 +0000] "HEAD /cabins/_derived/links.htm_cmp_eclipse000_vbtn.gif HTTP/1.1" 200 - "-" "Mozilla/4.0 (compatible; MSIE 6.0; AOL 9.0; Windows NT 5.1; SV1)"
205.188.116.14 - - [05/Jan/2006:18:15:44 +0000] "GET /cabins/_derived/slideshow.htm_cmp_eclipse000_vbtn.gif HTTP/1.1" 200 277 "http://www.kazbon.com/cabins/" "Mozilla/4.0 (compatible; MSIE 6.0; AOL 9.0; Windows NT 5.1; SV1)"
205.188.116.9 - - [05/Jan/2006:18:15:44 +0000] "HEAD /cabins/_derived/linkinfo.htm_cmp_eclipse000_vbtn.gif HTTP/1.1" 200 - "-" "Mozilla/4.0 (compatible; MSIE 6.0; AOL 9.0; Windows NT 5.1; SV1)"
205.188.117.5 - - [05/Jan/2006:18:15:44 +0000] "GET /cabins/_derived/contactdirections.htm_cmp_eclipse000_vbtn.gif HTTP/1.1" 200 259 "http://www.kazbon.com/cabins/" "Mozilla/4.0 (compatible; MSIE 6.0; AOL 9.0; Windows NT 5.1; SV1)"
205.188.116.65 - - [05/Jan/2006:18:15:44 +0000] "HEAD /cabins/beachcabin.htm HTTP/1.1" 200 - "-" "Mozilla/4.0 (compatible; MSIE 6.0; AOL 9.0; Windows NT 5.1; SV1)"
205.188.116.203 - - [05/Jan/2006:18:15:44 +0000] "HEAD /cabins/_derived/ext1045_cmp_eclipse000_vbtn.gif HTTP/1.1" 200 - "-" "Mozilla/4.0 (compatible; MSIE 6.0; AOL 9.0; Windows NT 5.1; SV1)"
205.188.116.5 - - [05/Jan/2006:18:15:44 +0000] "HEAD /cabins/_themes/eclipse/eclrule.gif HTTP/1.1" 200 - "-" "Mozilla/4.0 (compatible; MSIE 6.0; AOL 9.0; Windows NT 5.1; SV1)"
205.188.117.72 - - [05/Jan/2006:18:15:44 +0000] "HEAD /cabins/_themes/eclipse/eclbul1.gif HTTP/1.1" 200 - "-" "Mozilla/4.0 (compatible; MSIE 6.0; AOL 9.0; Windows NT 5.1; SV1)"
205.188.117.5 - - [05/Jan/2006:18:15:44 +0000] "HEAD /cabins/_derived/contactdirections.htm_cmp_eclipse000_vbtn.gif HTTP/1.1" 200 - "-" "Mozilla/4.0 (compatible; MSIE 6.0; AOL 9.0; Windows NT 5.1; SV1)"
205.188.116.71 - - [05/Jan/2006:18:15:44 +0000] "GET /cabins/_derived/florencemap.htm_cmp_eclipse000_vbtn.gif HTTP/1.1" 304 - "http://www.kazbon.com/cabins/" "Mozilla/4.0 (compatible; MSIE 6.0; AOL 9.0; Windows NT 5.1; SV1)"
205.188.116.14 - - [05/Jan/2006:18:15:44 +0000] "HEAD /cabins/_derived/slideshow.htm_cmp_eclipse000_vbtn.gif HTTP/1.1" 200 - "-" "Mozilla/4.0 (compatible; MSIE 6.0; AOL 9.0; Windows NT 5.1; SV1)"
205.188.116.203 - - [05/Jan/2006:18:15:44 +0000] "GET /cabins/_derived/ext1045_cmp_eclipse000_vbtn.gif HTTP/1.1" 200 262 "http://www.kazbon.com/cabins/" "Mozilla/4.0 (compatible; MSIE 6.0; AOL 9.0; Windows NT 5.1; SV1)"
205.188.116.9 - - [05/Jan/2006:18:15:44 +0000] "GET /cabins/_derived/linkinfo.htm_cmp_eclipse000_vbtn.gif HTTP/1.1" 200 219 "http://www.kazbon.com/cabins/" "Mozilla/4.0 (compatible; MSIE 6.0; AOL 9.0; Windows NT 5.1; SV1)"
205.188.117.72 - - [05/Jan/2006:18:15:44 +0000] "GET /cabins/_themes/eclipse/eclbul1.gif HTTP/1.1" 200 69 "http://www.kazbon.com/cabins/" "Mozilla/4.0 (compatible; MSIE 6.0; AOL 9.0; Windows NT 5.1; SV1)"
205.188.117.10 - - [05/Jan/2006:18:15:45 +0000] "GET /cabins/_vti_bin/fpcount.exe/cabins/?Page=index.html|Image=3|Digits=5 HTTP/1.1" 200 452 "http://www.kazbon.com/cabins/" "Mozilla/4.0 (compatible; MSIE 6.0; AOL 9.0; Windows NT 5.1; SV1)"
208.225.175.4 - - [05/Jan/2006:18:17:46 +0000] "GET /trhunterpage/_borders/trhunterlogo.jpg HTTP/1.1" 200 9572 "http://www.kazbon.com/trhunterpage/search.htm" "Mozilla/4.0 (compatible; MSIE 5.5; Windows NT 5.0; H010818)"
208.225.175.4 - - [05/Jan/2006:18:22:24 +0000] "GET /trhunterpage/search.htm HTTP/1.1" 304 - "http://www.trhunter.com/Nav.aspx/Page=Http://www.kazbon.com/trhunterpage/search.htm" "Mozilla/4.0 (compatible; MSIE 5.5; Windows NT 5.0; H010818)"
208.225.175.4 - - [05/Jan/2006:18:22:24 +0000] "GET /trhunterpage/_borders/trhunterlogo.jpg HTTP/1.1" 304 - "http://www.kazbon.com/trhunterpage/search.htm" "Mozilla/4.0 (compatible; MSIE 5.5; Windows NT 5.0; H010818)"
208.225.175.4 - - [05/Jan/2006:18:22:24 +0000] "GET /trhunterpage/_borders/mls.jpg HTTP/1.1" 304 - "http://www.kazbon.com/trhunterpage/search.htm" "Mozilla/4.0 (compatible; MSIE 5.5; Windows NT 5.0; H010818)"
208.225.175.4 - - [05/Jan/2006:18:26:02 +0000] "GET /trhunterpage/search.htm HTTP/1.1" 304 - "http://www.trhunter.com/Nav.aspx/Page=Http://www.kazbon.com/trhunterpage/search.htm" "Mozilla/4.0 (compatible; MSIE 5.5; Windows NT 5.0; H010818)"
208.225.175.4 - - [05/Jan/2006:18:26:02 +0000] "GET /trhunterpage/_borders/trhunterlogo.jpg HTTP/1.1" 304 - "http://www.kazbon.com/trhunterpage/search.htm" "Mozilla/4.0 (compatible; MSIE 5.5; Windows NT 5.0; H010818)"
208.225.175.4 - - [05/Jan/2006:18:26:02 +0000] "GET /trhunterpage/_borders/mls.jpg HTTP/1.1" 304 - "http://www.kazbon.com/trhunterpage/search.htm" "Mozilla/4.0 (compatible; MSIE 5.5; Windows NT 5.0; H010818)"
209.191.65.252 - - [05/Jan/2006:18:29:52 +0000] "GET /cabins/images/dunesoverlook.jpg HTTP/1.0" 304 - "-" "Yahoo-MMCrawler/3.x (mms dash mmcrawler dash support at yahoo dash inc dot com)"
209.191.65.252 - - [05/Jan/2006:18:31:27 +0000] "GET /cabins/images/webmeadowview.jpg HTTP/1.0" 304 - "-" "Yahoo-MMCrawler/3.x (mms dash mmcrawler dash support at yahoo dash inc dot com)"
143.81.0.48 - - [05/Jan/2006:18:44:28 +0000] "GET /trhunterpage/search.htm HTTP/1.1" 200 9701 "http://www.trhunter.com/Nav.aspx/Page=Http://www.kazbon.com/trhunterpage/search.htm" "Mozilla/4.0 (compatible; MSIE 6.0; Windows NT 5.1; SV1; .NET CLR 1.1.4322; InfoPath.1)"
143.81.0.48 - - [05/Jan/2006:18:44:30 +0000] "GET /trhunterpage/_borders/trhunterlogo.jpg HTTP/1.1" 200 9572 "http://www.kazbon.com/trhunterpage/search.htm" "Mozilla/4.0 (compatible; MSIE 6.0; Windows NT 5.1; SV1; .NET CLR 1.1.4322; InfoPath.1)"
143.81.0.48 - - [05/Jan/2006:18:44:30 +0000] "GET /trhunterpage/_borders/mls.jpg HTTP/1.1" 200 3233 "http://www.kazbon.com/trhunterpage/search.htm" "Mozilla/4.0 (compatible; MSIE 6.0; Windows NT 5.1; SV1; .NET CLR 1.1.4322; InfoPath.1)"
12.111.182.32 - - [05/Jan/2006:18:46:20 +0000] "GET /cabins HTTP/1.0" 301 233 "http://search.yahoo.com/search?p=florence+oregon+vacation+rentals&fr=FP-tab-web-t&toggle=1&cop=&ei=UTF-8" "Mozilla/4.0 (compatible; MSIE 6.0; Windows NT 5.1; SV1; .NET CLR 1.0.3705; .NET CLR 2.0.50727)"
12.111.182.32 - - [05/Jan/2006:18:46:21 +0000] "GET /cabins/_derived/ext1047_cmp_eclipse000_vbtn.gif HTTP/1.0" 200 269 "-" "Mozilla/4.0 (compatible; BorderManager 3.0)"
12.111.182.32 - - [05/Jan/2006:18:46:21 +0000] "GET /cabins/_derived/beachcabin.htm_cmp_eclipse000_vbtn.gif HTTP/1.0" 200 231 "-" "Mozilla/4.0 (compatible; BorderManager 3.0)"
12.111.182.32 - - [05/Jan/2006:18:46:21 +0000] "GET /cabins/_derived/home_cmp_eclipse000_vbtn_p.gif HTTP/1.0" 200 204 "-" "Mozilla/4.0 (compatible; BorderManager 3.0)"
12.111.182.32 - - [05/Jan/2006:18:46:21 +0000] "GET /cabins/images/webheader.jpg HTTP/1.0" 200 20087 "-" "Mozilla/4.0 (compatible; BorderManager 3.0)"
12.111.182.32 - - [05/Jan/2006:18:46:21 +0000] "GET /cabins/_derived/fishingcabin.htm_cmp_eclipse000_vbtn.gif HTTP/1.0" 200 242 "-" "Mozilla/4.0 (compatible; BorderManager 3.0)"
12.111.182.32 - - [05/Jan/2006:18:46:21 +0000] "GET /cabins/_derived/ext1048_cmp_eclipse000_vbtn.gif HTTP/1.0" 200 230 "-" "Mozilla/4.0 (compatible; BorderManager 3.0)"
12.111.182.32 - - [05/Jan/2006:18:46:21 +0000] "GET /cabins/_derived/links.htm_cmp_eclipse000_vbtn.gif HTTP/1.0" 200 189 "-" "Mozilla/4.0 (compatible; BorderManager 3.0)"
12.111.182.32 - - [05/Jan/2006:18:46:21 +0000] "GET /cabins/ HTTP/1.0" 200 21184 "-" "Mozilla/4.0 (compatible; BorderManager 3.0)"
12.111.182.32 - - [05/Jan/2006:18:46:21 +0000] "GET /cabins/_derived/slideshow.htm_cmp_eclipse000_vbtn.gif HTTP/1.0" 200 277 "-" "Mozilla/4.0 (compatible; BorderManager 3.0)"
12.111.182.32 - - [05/Jan/2006:18:46:21 +0000] "GET /cabins/_derived/linkinfo.htm_cmp_eclipse000_vbtn.gif HTTP/1.0" 200 219 "-" "Mozilla/4.0 (compatible; BorderManager 3.0)"
12.111.182.32 - - [05/Jan/2006:18:46:21 +0000] "GET /cabins/_derived/contactdirections.htm_cmp_eclipse000_vbtn.gif HTTP/1.0" 200 259 "-" "Mozilla/4.0 (compatible; BorderManager 3.0)"
12.111.182.32 - - [05/Jan/2006:18:46:21 +0000] "GET /cabins/_derived/ext1046_cmp_eclipse000_vbtn.gif HTTP/1.0" 200 234 "-" "Mozilla/4.0 (compatible; BorderManager 3.0)"
12.111.182.32 - - [05/Jan/2006:18:46:21 +0000] "GET /cabins/_derived/florencemap.htm_cmp_eclipse000_vbtn.gif HTTP/1.0" 200 239 "-" "Mozilla/4.0 (compatible; BorderManager 3.0)"
12.111.182.32 - - [05/Jan/2006:18:46:21 +0000] "GET /cabins/_derived/thingstodo.htm_cmp_eclipse000_vbtn.gif HTTP/1.0" 200 237 "-" "Mozilla/4.0 (compatible; BorderManager 3.0)"
12.111.182.32 - - [05/Jan/2006:18:46:21 +0000] "GET /logo2.jpg HTTP/1.0" 200 10125 "-" "Mozilla/4.0 (compatible; BorderManager 3.0)"
12.111.182.32 - - [05/Jan/2006:18:46:21 +0000] "GET /cabins/_themes/eclipse/eclrule.gif HTTP/1.0" 200 160 "-" "Mozilla/4.0 (compatible; BorderManager 3.0)"
12.111.182.32 - - [05/Jan/2006:18:46:21 +0000] "GET /cabins/images/COASTLNE.gif HTTP/1.0" 200 25573 "-" "Mozilla/4.0 (compatible; BorderManager 3.0)"
12.111.182.32 - - [05/Jan/2006:18:46:21 +0000] "GET /cabins/images/webporch.jpg HTTP/1.0" 200 17365 "-" "Mozilla/4.0 (compatible; BorderManager 3.0)"
12.111.182.32 - - [05/Jan/2006:18:46:21 +0000] "GET /cabins/images/webmeadowmain.jpg HTTP/1.0" 200 24894 "-" "Mozilla/4.0 (compatible; BorderManager 3.0)"
12.111.182.32 - - [05/Jan/2006:18:46:22 +0000] "GET /cabins/_themes/eclipse/eclbul1.gif HTTP/1.0" 200 69 "-" "Mozilla/4.0 (compatible; BorderManager 3.0)"
12.111.182.32 - - [05/Jan/2006:18:46:22 +0000] "GET /cabins/images/CabinFrontNWcoast.jpg HTTP/1.0" 200 89414 "-" "Mozilla/4.0 (compatible; BorderManager 3.0)"
12.111.182.32 - - [05/Jan/2006:18:46:22 +0000] "GET /cabins/index.1.gif HTTP/1.0" 200 155 "-" "Mozilla/4.0 (compatible; BorderManager 3.0)"
12.111.182.32 - - [05/Jan/2006:18:47:07 +0000] "GET /cabins/_derived/ext1043_cmp_eclipse000_vbtn.gif HTTP/1.0" 200 269 "-" "Mozilla/4.0 (compatible; BorderManager 3.0)"
12.111.182.32 - - [05/Jan/2006:18:47:07 +0000] "GET /cabins/_derived/index.html_cmp_eclipse000_vbtn.gif HTTP/1.0" 200 191 "-" "Mozilla/4.0 (compatible; BorderManager 3.0)"
12.111.182.32 - - [05/Jan/2006:18:47:07 +0000] "GET /cabins/_derived/ext1044_cmp_eclipse000_vbtn.gif HTTP/1.0" 200 230 "-" "Mozilla/4.0 (compatible; BorderManager 3.0)"
12.111.182.32 - - [05/Jan/2006:18:47:07 +0000] "GET /cabins/_derived/beachcabin.htm_cmp_eclipse000_vbtn_p.gif HTTP/1.0" 200 242 "-" "Mozilla/4.0 (compatible; BorderManager 3.0)"
12.111.182.32 - - [05/Jan/2006:18:47:07 +0000] "GET /cabins/beachcabin.htm HTTP/1.0" 200 15339 "http://www.kazbon.com/cabins/" "Mozilla/4.0 (compatible; MSIE 6.0; Windows NT 5.1; SV1; .NET CLR 1.0.3705; .NET CLR 2.0.50727)"
12.111.182.32 - - [05/Jan/2006:18:47:08 +0000] "GET /cabins/images/button16.jpg HTTP/1.0" 200 3673 "-" "Mozilla/4.0 (compatible; BorderManager 3.0)"
12.111.182.32 - - [05/Jan/2006:18:47:08 +0000] "GET /cabins/_vti_bin/fpcount.exe/cabins/?Page=beachcabin.htm|Image=3|Digits=5 HTTP/1.0" 200 434 "http://www.kazbon.com/cabins/beachcabin.htm" "Mozilla/4.0 (compatible; MSIE 6.0; Windows NT 5.1; SV1; .NET CLR 1.0.3705; .NET CLR 2.0.50727)"
12.111.182.32 - - [05/Jan/2006:18:47:08 +0000] "GET /cabins/images/webmeadowview.jpg HTTP/1.0" 200 29007 "-" "Mozilla/4.0 (compatible; BorderManager 3.0)"
12.111.182.32 - - [05/Jan/2006:18:47:08 +0000] "GET /cabins/images/button17.jpg HTTP/1.0" 200 3729 "http://www.kazbon.com/cabins/beachcabin.htm" "Mozilla/4.0 (compatible; MSIE 6.0; Windows NT 5.1; SV1; .NET CLR 1.0.3705; .NET CLR 2.0.50727)"
12.111.182.32 - - [05/Jan/2006:18:47:08 +0000] "GET /cabins/images/button18.jpg HTTP/1.0" 200 3773 "http://www.kazbon.com/cabins/beachcabin.htm" "Mozilla/4.0 (compatible; MSIE 6.0; Windows NT 5.1; SV1; .NET CLR 1.0.3705; .NET CLR 2.0.50727)"
12.111.182.32 - - [05/Jan/2006:18:48:05 +0000] "GET /cabins/_derived/rates.htm_cmp_eclipse000_vbtn_p.gif HTTP/1.0" 200 262 "-" "Mozilla/4.0 (compatible; BorderManager 3.0)"
12.111.182.32 - - [05/Jan/2006:18:48:05 +0000] "GET /cabins/rates.htm HTTP/1.0" 200 25951 "http://www.kazbon.com/cabins/beachcabin.htm" "Mozilla/4.0 (compatible; MSIE 6.0; Windows NT 5.1; SV1; .NET CLR 1.0.3705; .NET CLR 2.0.50727)"
63.240.135.30 - - [05/Jan/2006:19:00:02 +0000] "GET /cabins/_derived/beachcabin.htm_cmp_eclipse000_vbtn.gif HTTP/1.1" 200 231 "-" "Mozilla/3.01 (compatible;)"
63.240.135.30 - - [05/Jan/2006:19:00:02 +0000] "GET /cabins/_derived/slideshow.htm_cmp_eclipse000_vbtn.gif HTTP/1.1" 200 277 "-" "Mozilla/3.01 (compatible;)"
63.240.135.30 - - [05/Jan/2006:19:00:02 +0000] "GET /cabins/_derived/beachcabin.htm_cmp_eclipse000_vbtn.gif HTTP/1.1" 304 - "http://www.kazbon.com/cabins/" "Mozilla/4.0 (compatible; MSIE 6.0; Windows NT 5.1; SV1; .NET CLR 1.1.4322)"
63.240.135.30 - - [05/Jan/2006:19:00:02 +0000] "GET /cabins/index.1.gif HTTP/1.1" 304 - "http://www.kazbon.com/cabins/" "Mozilla/4.0 (compatible; MSIE 6.0; Windows NT 5.1; SV1; .NET CLR 1.1.4322)"
205.188.116.203 - - [05/Jan/2006:19:00:02 +0000] "HEAD /cabins/_derived/ext1044_cmp_eclipse000_vbtn.gif HTTP/1.1" 200 - "-" "Mozilla/4.0 (compatible; MSIE 6.0; AOL 9.0; Windows NT 5.1; SV1)"
205.188.116.71 - - [05/Jan/2006:19:00:04 +0000] "HEAD /cabins/_derived/florencemap.htm_cmp_eclipse000_vbtn.gif HTTP/1.1" 200 - "-" "Mozilla/4.0 (compatible; MSIE 6.0; AOL 9.0; Windows NT 5.1; SV1)"
208.225.175.4 - - [05/Jan/2006:19:00:04 +0000] "GET /trhunterpage/search.htm HTTP/1.1" 200 9701 "http://www.trhunter.com/Nav.aspx/Page=Http://www.kazbon.com/trhunterpage/search.htm" "Mozilla/4.0 (compatible; MSIE 5.5; Windows NT 5.0; H010818)"
208.225.175.4 - - [05/Jan/2006:19:00:04 +0000] "GET /trhunterpage/_borders/mls.jpg HTTP/1.1" 200 3233 "http://www.kazbon.com/trhunterpage/search.htm" "Mozilla/4.0 (compatible; MSIE 5.5; Windows NT 5.0; H010818)"
71.32.124.58 - - [05/Jan/2006:19:08:44 +0000] "GET / HTTP/1.1" 200 - "-" "Mozilla/4.0 (compatible; MSIE 6.0; Windows NT 5.1; SV1)"
71.32.124.58 - - [05/Jan/2006:19:08:45 +0000] "GET /kitchen_pine.css HTTP/1.1" 304 - "http://www.kazbon.com/" "Mozilla/4.0 (compatible; MSIE 6.0; Windows NT 5.1; SV1)"
71.32.124.58 - - [05/Jan/2006:19:08:45 +0000] "GET /spacer.gif HTTP/1.1" 304 - "http://www.kazbon.com/" "Mozilla/4.0 (compatible; MSIE 6.0; Windows NT 5.1; SV1)"
71.32.124.58 - - [05/Jan/2006:19:08:45 +0000] "GET /logo2.jpg HTTP/1.1" 304 - "http://www.kazbon.com/" "Mozilla/4.0 (compatible; MSIE 6.0; Windows NT 5.1; SV1)"
71.32.124.58 - - [05/Jan/2006:19:08:45 +0000] "GET /cabinpiece.jpg HTTP/1.1" 304 - "http://www.kazbon.com/" "Mozilla/4.0 (compatible; MSIE 6.0; Windows NT 5.1; SV1)"
71.32.124.58 - - [05/Jan/2006:19:08:45 +0000] "GET /BBPiece.jpg HTTP/1.1" 304 - "http://www.kazbon.com/" "Mozilla/4.0 (compatible; MSIE 6.0; Windows NT 5.1; SV1)"
71.32.124.58 - - [05/Jan/2006:19:08:45 +0000] "GET /machineshoppiece.jpg HTTP/1.1" 304 - "http://www.kazbon.com/" "Mozilla/4.0 (compatible; MSIE 6.0; Windows NT 5.1; SV1)"
71.32.124.58 - - [05/Jan/2006:19:08:45 +0000] "GET /images/coastalpiece.jpg HTTP/1.1" 304 - "http://www.kazbon.com/" "Mozilla/4.0 (compatible; MSIE 6.0; Windows NT 5.1; SV1)"
71.32.124.58 - - [05/Jan/2006:19:08:45 +0000] "GET /owrepiece.jpg HTTP/1.1" 304 - "http://www.kazbon.com/" "Mozilla/4.0 (compatible; MSIE 6.0; Windows NT 5.1; SV1)"
71.32.124.58 - - [05/Jan/2006:19:08:45 +0000] "GET /trpiece.jpg HTTP/1.1" 304 - "http://www.kazbon.com/" "Mozilla/4.0 (compatible; MSIE 6.0; Windows NT 5.1; SV1)"
71.32.124.58 - - [05/Jan/2006:19:08:45 +0000] "GET /sandhoundpiece.jpg HTTP/1.1" 304 - "http://www.kazbon.com/" "Mozilla/4.0 (compatible; MSIE 6.0; Windows NT 5.1; SV1)"
71.32.124.58 - - [05/Jan/2006:19:08:45 +0000] "GET /wisemanpiece.jpg HTTP/1.1" 304 - "http://www.kazbon.com/" "Mozilla/4.0 (compatible; MSIE 6.0; Windows NT 5.1; SV1)"
71.32.124.58 - - [05/Jan/2006:19:08:45 +0000] "GET /goldenagepiece.jpg HTTP/1.1" 304 - "http://www.kazbon.com/" "Mozilla/4.0 (compatible; MSIE 6.0; Windows NT 5.1; SV1)"
71.32.124.58 - - [05/Jan/2006:19:08:45 +0000] "GET /_vti_bin/fpcount.exe/?Page=index.html|Image=3|Digits=5 HTTP/1.1" 200 454 "http://www.kazbon.com/" "Mozilla/4.0 (compatible; MSIE 6.0; Windows NT 5.1; SV1)"
65.54.188.136 - - [05/Jan/2006:19:15:11 +0000] "GET /robots.txt HTTP/1.0" 404 204 "-" "msnbot/1.0 (+http://search.msn.com/msnbot.htm)"
65.54.188.136 - - [05/Jan/2006:19:15:11 +0000] "GET /coastal HTTP/1.0" 301 234 "-" "msnbot/1.0 (+http://search.msn.com/msnbot.htm)"
127.0.0.1 - - [05/Jan/2006:19:17:31 +0000] "GET /trhunterpage/search.htm HTTP/1.0" 304 - "http://www.17lakesrealestate.com/" "Mozilla/4.0 (compatible; MSIE 6.0; Windows NT 5.1; .NET CLR 1.1.4322)"
127.0.0.1 - - [05/Jan/2006:19:17:31 +0000] "GET /trhunterpage/_borders/trhunterlogo.jpg HTTP/1.0" 304 - "http://www.kazbon.com/trhunterpage/search.htm" "Mozilla/4.0 (compatible; MSIE 6.0; Windows NT 5.1; .NET CLR 1.1.4322)"
127.0.0.1 - - [05/Jan/2006:19:17:31 +0000] "GET /trhunterpage/_borders/mls.jpg HTTP/1.0" 304 - "http://www.kazbon.com/trhunterpage/search.htm" "Mozilla/4.0 (compatible; MSIE 6.0; Windows NT 5.1; .NET CLR 1.1.4322)"
12.111.182.32 - - [05/Jan/2006:19:17:31 +0000] "GET /cabins/_derived/linkinfo.htm_cmp_eclipse000_vbtn_p.gif HTTP/1.0" 200 231 "-" "Mozilla/4.0 (compatible; BorderManager 3.0)"
12.111.182.32 - - [05/Jan/2006:19:17:32 +0000] "GET /cabins/linkinfo.htm HTTP/1.0" 200 13191 "-" "Mozilla/4.0 (compatible; BorderManager 3.0)"
127.0.0.1 - - [05/Jan/2006:19:19:02 +0000] "GET /trhunterpage/search.htm HTTP/1.0" 304 - "http://www.17lakesrealestate.com/" "Mozilla/4.0 (compatible; MSIE 6.0; Windows NT 5.1; .NET CLR 1.1.4322)"
127.0.0.1 - - [05/Jan/2006:19:19:02 +0000] "GET /trhunterpage/_borders/trhunterlogo.jpg HTTP/1.0" 304 - "http://www.kazbon.com/trhunterpage/search.htm" "Mozilla/4.0 (compatible; MSIE 6.0; Windows NT 5.1; .NET CLR 1.1.4322)"
127.0.0.1 - - [05/Jan/2006:19:19:02 +0000] "GET /trhunterpage/_borders/mls.jpg HTTP/1.0" 304 - "http://www.kazbon.com/trhunterpage/search.htm" "Mozilla/4.0 (compatible; MSIE 6.0; Windows NT 5.1; .NET CLR 1.1.4322)"
65.54.188.136 - - [05/Jan/2006:19:25:42 +0000] "GET /coastal/ HTTP/1.0" 200 17428 "-" "msnbot/1.0 (+http://search.msn.com/msnbot.htm)"
67.136.115.15 - - [05/Jan/2006:19:26:02 +0000] "GET /trhunterpage/search.htm HTTP/1.1" 200 9701 "http://www.trhunter.com/Nav.aspx/Page=Http://www.kazbon.com/trhunterpage/search.htm" "Mozilla/4.0 (compatible; MSIE 6.0; Windows NT 5.1; SV1; .NET CLR 1.1.4322)"
67.136.115.15 - - [05/Jan/2006:19:26:02 +0000] "GET /trhunterpage/_borders/mls.jpg HTTP/1.1" 200 3233 "http://www.kazbon.com/trhunterpage/search.htm" "Mozilla/4.0 (compatible; MSIE 6.0; Windows NT 5.1; SV1; .NET CLR 1.1.4322)"
67.136.115.15 - - [05/Jan/2006:19:26:02 +0000] "GET /trhunterpage/_borders/trhunterlogo.jpg HTTP/1.1" 200 9572 "http://www.kazbon.com/trhunterpage/search.htm" "Mozilla/4.0 (compatible; MSIE 6.0; Windows NT 5.1; SV1; .NET CLR 1.1.4322)"
65.54.188.136 - - [05/Jan/2006:19:27:30 +0000] "GET /cabins/ HTTP/1.0" 200 21184 "-" "msnbot/1.0 (+http://search.msn.com/msnbot.htm)"
65.54.188.136 - - [05/Jan/2006:19:27:33 +0000] "GET /coastal/ HTTP/1.0" 200 17428 "-" "msnbot/1.0 (+http://search.msn.com/msnbot.htm)"
65.54.188.136 - - [05/Jan/2006:19:27:35 +0000] "GET /coastal/ HTTP/1.0" 200 17428 "-" "msnbot/1.0 (+http://search.msn.com/msnbot.htm)"
67.136.115.15 - - [05/Jan/2006:19:27:52 +0000] "GET /trhunterpage/search.htm HTTP/1.1" 304 - "http://www.trhunter.com/Nav.aspx/Page=Http://www.kazbon.com/trhunterpage/search.htm" "Mozilla/4.0 (compatible; MSIE 6.0; Windows NT 5.1; SV1; .NET CLR 1.1.4322)"
67.136.115.15 - - [05/Jan/2006:19:27:52 +0000] "GET /trhunterpage/_borders/trhunterlogo.jpg HTTP/1.1" 304 - "http://www.kazbon.com/trhunterpage/search.htm" "Mozilla/4.0 (compatible; MSIE 6.0; Windows NT 5.1; SV1; .NET CLR 1.1.4322)"
209.191.65.252 - - [05/Jan/2006:19:30:02 +0000] "GET /cabins/images/sweet%20creek.jpg HTTP/1.0" 304 - "-" "Yahoo-MMCrawler/3.x (mms dash mmcrawler dash support at yahoo dash inc dot com)"
12.111.182.32 - - [05/Jan/2006:19:30:05 +0000] "GET /cabins/_derived/rates.htm_cmp_eclipse000_vbtn.gif HTTP/1.0" 200 251 "-" "Mozilla/4.0 (compatible; BorderManager 3.0)"
12.111.182.32 - - [05/Jan/2006:19:30:05 +0000] "GET /cabins/_derived/ext1045_cmp_eclipse000_vbtn.gif HTTP/1.0" 200 262 "-" "Mozilla/4.0 (compatible; BorderManager 3.0)"
12.111.182.32 - - [05/Jan/2006:19:30:05 +0000] "GET /cabins/images/webfishmain.jpg HTTP/1.0" 200 22468 "-" "Mozilla/4.0 (compatible; BorderManager 3.0)"
12.111.182.32 - - [05/Jan/2006:19:30:05 +0000] "GET /cabins/_vti_bin/fpcount.exe/cabins/?Page=index.html|Image=3|Digits=5 HTTP/1.0" 200 441 "http://www.kazbon.com/cabins/" "Mozilla/4.0 (compatible; MSIE 6.0; Windows NT 5.1; SV1; .NET CLR 1.0.3705; .NET CLR 2.0.50727)"
70.162.161.42 - - [05/Jan/2006:19:31:07 +0000] "GET /trhunterpage/search.htm HTTP/1.1" 200 9701 "http://www.trhunter.com/Nav/NavContent.aspx" "Mozilla/4.0 (compatible; MSIE 6.0; Windows NT 5.1; SV1; .NET CLR 1.1.4322)"
70.162.161.42 - - [05/Jan/2006:19:31:07 +0000] "GET /trhunterpage/_borders/mls.jpg HTTP/1.1" 200 3233 "http://www.kazbon.com/trhunterpage/search.htm" "Mozilla/4.0 (compatible; MSIE 6.0; Windows NT 5.1; SV1; .NET CLR 1.1.4322)"
70.162.161.42 - - [05/Jan/2006:19:31:07 +0000] "GET /trhunterpage/_borders/trhunterlogo.jpg HTTP/1.1" 200 9572 "http://www.kazbon.com/trhunterpage/search.htm" "Mozilla/4.0 (compatible; MSIE 6.0; Windows NT 5.1; SV1; .NET CLR 1.1.4322)"
67.42.58.1 - - [05/Jan/2006:19:32:35 +0000] "GET /cabins/ HTTP/1.1" 200 21184 "http://www.google.com/search?q=Florence+Oregon+lake+homes&hl=en&lr=&start=20&sa=N" "Mozilla/4.0 (compatible; MSIE 6.0; Windows NT 5.1; SV1; .NET CLR 1.1.4322)"
67.42.58.1 - - [05/Jan/2006:19:32:35 +0000] "GET /cabins/images/webheader.jpg HTTP/1.1" 200 20087 "http://www.kazbon.com/cabins/" "Mozilla/4.0 (compatible; MSIE 6.0; Windows NT 5.1; SV1; .NET CLR 1.1.4322)"
67.42.58.1 - - [05/Jan/2006:19:32:35 +0000] "GET /cabins/_derived/home_cmp_eclipse000_vbtn_p.gif HTTP/1.1" 200 204 "http://www.kazbon.com/cabins/" "Mozilla/4.0 (compatible; MSIE 6.0; Windows NT 5.1; SV1; .NET CLR 1.1.4322)"
67.42.58.1 - - [05/Jan/2006:19:32:35 +0000] "GET /cabins/_derived/ext1047_cmp_eclipse000_vbtn.gif HTTP/1.1" 200 269 "http://www.kazbon.com/cabins/" "Mozilla/4.0 (compatible; MSIE 6.0; Windows NT 5.1; SV1; .NET CLR 1.1.4322)"
67.42.58.1 - - [05/Jan/2006:19:32:35 +0000] "GET /cabins/_derived/fishingcabin.htm_cmp_eclipse000_vbtn.gif HTTP/1.1" 200 242 "http://www.kazbon.com/cabins/" "Mozilla/4.0 (compatible; MSIE 6.0; Windows NT 5.1; SV1; .NET CLR 1.1.4322)"
67.42.58.1 - - [05/Jan/2006:19:32:35 +0000] "GET /cabins/_derived/beachcabin.htm_cmp_eclipse000_vbtn.gif HTTP/1.1" 200 231 "http://www.kazbon.com/cabins/" "Mozilla/4.0 (compatible; MSIE 6.0; Windows NT 5.1; SV1; .NET CLR 1.1.4322)"
67.42.58.1 - - [05/Jan/2006:19:32:35 +0000] "GET /cabins/_derived/ext1046_cmp_eclipse000_vbtn.gif HTTP/1.1" 200 234 "http://www.kazbon.com/cabins/" "Mozilla/4.0 (compatible; MSIE 6.0; Windows NT 5.1; SV1; .NET CLR 1.1.4322)"
67.42.58.1 - - [05/Jan/2006:19:32:35 +0000] "GET /cabins/_derived/rates.htm_cmp_eclipse000_vbtn.gif HTTP/1.1" 200 251 "http://www.kazbon.com/cabins/" "Mozilla/4.0 (compatible; MSIE 6.0; Windows NT 5.1; SV1; .NET CLR 1.1.4322)"
67.42.58.1 - - [05/Jan/2006:19:32:35 +0000] "GET /cabins/_derived/ext1048_cmp_eclipse000_vbtn.gif HTTP/1.1" 200 230 "http://www.kazbon.com/cabins/" "Mozilla/4.0 (compatible; MSIE 6.0; Windows NT 5.1; SV1; .NET CLR 1.1.4322)"
67.42.58.1 - - [05/Jan/2006:19:32:35 +0000] "GET /cabins/_derived/contactdirections.htm_cmp_eclipse000_vbtn.gif HTTP/1.1" 200 259 "http://www.kazbon.com/cabins/" "Mozilla/4.0 (compatible; MSIE 6.0; Windows NT 5.1; SV1; .NET CLR 1.1.4322)"
67.42.58.1 - - [05/Jan/2006:19:32:35 +0000] "GET /cabins/_derived/thingstodo.htm_cmp_eclipse000_vbtn.gif HTTP/1.1" 200 237 "http://www.kazbon.com/cabins/" "Mozilla/4.0 (compatible; MSIE 6.0; Windows NT 5.1; SV1; .NET CLR 1.1.4322)"
67.42.58.1 - - [05/Jan/2006:19:32:35 +0000] "GET /cabins/_derived/slideshow.htm_cmp_eclipse000_vbtn.gif HTTP/1.1" 200 277 "http://www.kazbon.com/cabins/" "Mozilla/4.0 (compatible; MSIE 6.0; Windows NT 5.1; SV1; .NET CLR 1.1.4322)"
67.42.58.1 - - [05/Jan/2006:19:32:36 +0000] "GET /cabins/_derived/florencemap.htm_cmp_eclipse000_vbtn.gif HTTP/1.1" 200 239 "http://www.kazbon.com/cabins/" "Mozilla/4.0 (compatible; MSIE 6.0; Windows NT 5.1; SV1; .NET CLR 1.1.4322)"
67.42.58.1 - - [05/Jan/2006:19:32:36 +0000] "GET /cabins/_derived/links.htm_cmp_eclipse000_vbtn.gif HTTP/1.1" 200 189 "http://www.kazbon.com/cabins/" "Mozilla/4.0 (compatible; MSIE 6.0; Windows NT 5.1; SV1; .NET CLR 1.1.4322)"
67.42.58.1 - - [05/Jan/2006:19:32:36 +0000] "GET /cabins/_derived/linkinfo.htm_cmp_eclipse000_vbtn.gif HTTP/1.1" 200 219 "http://www.kazbon.com/cabins/" "Mozilla/4.0 (compatible; MSIE 6.0; Windows NT 5.1; SV1; .NET CLR 1.1.4322)"
67.42.58.1 - - [05/Jan/2006:19:32:36 +0000] "GET /cabins/_derived/ext1045_cmp_eclipse000_vbtn.gif HTTP/1.1" 200 262 "http://www.kazbon.com/cabins/" "Mozilla/4.0 (compatible; MSIE 6.0; Windows NT 5.1; SV1; .NET CLR 1.1.4322)"
67.42.58.1 - - [05/Jan/2006:19:32:36 +0000] "GET /cabins/images/COASTLNE.gif HTTP/1.1" 200 25573 "http://www.kazbon.com/cabins/" "Mozilla/4.0 (compatible; MSIE 6.0; Windows NT 5.1; SV1; .NET CLR 1.1.4322)"
67.42.58.1 - - [05/Jan/2006:19:32:36 +0000] "GET /cabins/_themes/eclipse/eclbul1.gif HTTP/1.1" 200 69 "http://www.kazbon.com/cabins/" "Mozilla/4.0 (compatible; MSIE 6.0; Windows NT 5.1; SV1; .NET CLR 1.1.4322)"
67.42.58.1 - - [05/Jan/2006:19:32:36 +0000] "GET /cabins/images/webporch.jpg HTTP/1.1" 200 17365 "http://www.kazbon.com/cabins/" "Mozilla/4.0 (compatible; MSIE 6.0; Windows NT 5.1; SV1; .NET CLR 1.1.4322)"
67.42.58.1 - - [05/Jan/2006:19:32:41 +0000] "GET /cabins/images/CabinFrontNWcoast.jpg HTTP/1.1" 200 89414 "http://www.kazbon.com/cabins/" "Mozilla/4.0 (compatible; MSIE 6.0; Windows NT 5.1; SV1; .NET CLR 1.1.4322)"
67.42.58.1 - - [05/Jan/2006:19:32:41 +0000] "GET /cabins/index.1.gif HTTP/1.1" 200 155 "http://www.kazbon.com/cabins/" "Mozilla/4.0 (compatible; MSIE 6.0; Windows NT 5.1; SV1; .NET CLR 1.1.4322)"
67.42.58.1 - - [05/Jan/2006:19:32:41 +0000] "GET /cabins/images/webfishmain.jpg HTTP/1.1" 200 22468 "http://www.kazbon.com/cabins/" "Mozilla/4.0 (compatible; MSIE 6.0; Windows NT 5.1; SV1; .NET CLR 1.1.4322)"
67.42.58.1 - - [05/Jan/2006:19:32:42 +0000] "GET /cabins/images/webmeadowmain.jpg HTTP/1.1" 200 24894 "http://www.kazbon.com/cabins/" "Mozilla/4.0 (compatible; MSIE 6.0; Windows NT 5.1; SV1; .NET CLR 1.1.4322)"
67.42.58.1 - - [05/Jan/2006:19:32:42 +0000] "GET /cabins/_themes/eclipse/eclrule.gif HTTP/1.1" 200 160 "http://www.kazbon.com/cabins/" "Mozilla/4.0 (compatible; MSIE 6.0; Windows NT 5.1; SV1; .NET CLR 1.1.4322)"
67.42.58.1 - - [05/Jan/2006:19:32:42 +0000] "GET /logo2.jpg HTTP/1.1" 200 10125 "http://www.kazbon.com/cabins/" "Mozilla/4.0 (compatible; MSIE 6.0; Windows NT 5.1; SV1; .NET CLR 1.1.4322)"
67.42.58.1 - - [05/Jan/2006:19:32:42 +0000] "GET /cabins/_vti_bin/fpcount.exe/cabins/?Page=index.html|Image=3|Digits=5 HTTP/1.1" 200 434 "http://www.kazbon.com/cabins/" "Mozilla/4.0 (compatible; MSIE 6.0; Windows NT 5.1; SV1; .NET CLR 1.1.4322)"
67.136.115.15 - - [05/Jan/2006:20:00:07 +0000] "GET /trhunterpage/_borders/mls.jpg HTTP/1.1" 304 - "http://www.kazbon.com/trhunterpage/search.htm" "Mozilla/4.0 (compatible; MSIE 6.0; Windows NT 5.1; SV1; .NET CLR 1.1.4322)"
